{"id":2247,"date":"2024-03-13T19:11:21","date_gmt":"2024-03-13T22:11:21","guid":{"rendered":"https:\/\/jornadasnelcf.com\/xiv\/?page_id=2247"},"modified":"2024-07-23T13:11:19","modified_gmt":"2024-07-23T16:11:19","slug":"convocatoria","status":"publish","type":"page","link":"https:\/\/jornadasnelcf.com\/xiv\/convocatoria\/","title":{"rendered":"CONVOCATORIA"},"content":{"rendered":"<p><div class=\"fusion-fullwidth fullwidth-box fusion-builder-row-1 fusion-flex-container has-pattern-background has-mask-background nonhundred-percent-fullwidth non-hundred-percent-height-scrolling\" style=\"--awb-border-radius-top-left:0px;--awb-border-radius-top-right:0px;--awb-border-radius-bottom-right:0px;--awb-border-radius-bottom-left:0px;--awb-flex-wrap:wrap;\" ><div class=\"fusion-builder-row fusion-row fusion-flex-align-items-flex-start fusion-flex-content-wrap\" style=\"max-width:1331.2px;margin-left: calc(-4% \/ 2 );margin-right: calc(-4% \/ 2 );\"><div class=\"fusion-layout-column fusion_builder_column fusion-builder-column-0 fusion_builder_column_1_1 1_1 fusion-flex-column\" style=\"--awb-bg-size:cover;--awb-width-large:100%;--awb-margin-top-large:0px;--awb-spacing-right-large:1.92%;--awb-margin-bottom-large:20px;--awb-spacing-left-large:1.92%;--awb-width-medium:100%;--awb-order-medium:0;--awb-spacing-right-medium:1.92%;--awb-spacing-left-medium:1.92%;--awb-width-small:100%;--awb-order-small:0;--awb-spacing-right-small:1.92%;--awb-spacing-left-small:1.92%;\"><div class=\"fusion-column-wrapper fusion-column-has-shadow fusion-flex-justify-content-flex-start fusion-content-layout-column\"><div class=\"fusion-title title fusion-title-1 fusion-sep-none fusion-title-text fusion-title-size-five\"><h5 class=\"fusion-title-heading title-heading-left\" style=\"margin:0;\">Llamado a contribuciones<\/h5><\/div><div class=\"fusion-title title fusion-title-2 fusion-sep-none fusion-title-text fusion-title-size-five\"><h5 class=\"fusion-title-heading title-heading-left\" style=\"margin:0;\">Mesas Simult\u00e1neas Cl\u00ednicas<\/h5><\/div><div class=\"fusion-text fusion-text-1\"><p style=\"text-align: justify;\">La Comisi\u00f3n Epist\u00e9mica de las XIV Jornadas de la NELcf \u201cEl cuerpo en las psicosis\u201d invita a quienes practican el psicoan\u00e1lisis \u2013en consulta privada o en instituciones\u2013 a participar con un caso y compartir los efectos de su cl\u00ednica sobre el tema de nuestras pr\u00f3ximas Jornadas.<\/p>\n<p style=\"text-align: justify;\">Para el env\u00edo de su contribuci\u00f3n, solicitamos:<\/p>\n<\/div><\/div><\/div><\/div><\/div><div class=\"fusion-fullwidth fullwidth-box fusion-builder-row-2 fusion-flex-container has-pattern-background has-mask-background nonhundred-percent-fullwidth non-hundred-percent-height-scrolling\" style=\"--awb-border-radius-top-left:0px;--awb-border-radius-top-right:0px;--awb-border-radius-bottom-right:0px;--awb-border-radius-bottom-left:0px;--awb-flex-wrap:wrap;\" ><div class=\"fusion-builder-row fusion-row fusion-flex-align-items-flex-start fusion-flex-content-wrap\" style=\"max-width:1331.2px;margin-left: calc(-4% \/ 2 );margin-right: calc(-4% \/ 2 );\"><div class=\"fusion-layout-column fusion_builder_column fusion-builder-column-1 fusion_builder_column_1_1 1_1 fusion-flex-column\" style=\"--awb-bg-size:cover;--awb-width-large:100%;--awb-margin-top-large:0px;--awb-spacing-right-large:1.92%;--awb-margin-bottom-large:20px;--awb-spacing-left-large:1.92%;--awb-width-medium:100%;--awb-order-medium:0;--awb-spacing-right-medium:1.92%;--awb-spacing-left-medium:1.92%;--awb-width-small:100%;--awb-order-small:0;--awb-spacing-right-small:1.92%;--awb-spacing-left-small:1.92%;\"><div class=\"fusion-column-wrapper fusion-column-has-shadow fusion-flex-justify-content-flex-start fusion-content-layout-column\"><div class=\"fusion-title title fusion-title-3 fusion-sep-none fusion-title-text fusion-title-size-five\"><h5 class=\"fusion-title-heading title-heading-left\" style=\"margin:0;\">Criterios para el formato<\/h5><\/div><div class=\"fusion-text fusion-text-2\"><p style=\"text-align: justify;\">Los textos deber\u00e1n ser enviados en espa\u00f1ol, con una extensi\u00f3n m\u00e1xima de 6000 caracteres con espacios incluidos, en formato WORD, fuente: TIMES NEW ROMAN, tama\u00f1o 12, justificado, espaciado de 1,5 l\u00edneas.<\/p>\n<ul>\n<li style=\"text-align: justify;\">En el encabezado de la primera p\u00e1gina debe aparecer el t\u00edtulo del texto centralizado<\/li>\n<li style=\"text-align: justify;\">En la segunda l\u00ednea: el nombre completo del autor, su relaci\u00f3n a la escuela, la CIUDAD en la que trabaja.<\/li>\n<li style=\"text-align: justify;\">En la tercera l\u00ednea: el n\u00famero de eje tem\u00e1tico y el nombre del eje elegido.<\/li>\n<\/ul>\n<\/div><\/div><\/div><\/div><\/div><div class=\"fusion-fullwidth fullwidth-box fusion-builder-row-3 fusion-flex-container has-pattern-background has-mask-background nonhundred-percent-fullwidth non-hundred-percent-height-scrolling\" style=\"--awb-border-radius-top-left:0px;--awb-border-radius-top-right:0px;--awb-border-radius-bottom-right:0px;--awb-border-radius-bottom-left:0px;--awb-flex-wrap:wrap;\" ><div class=\"fusion-builder-row fusion-row fusion-flex-align-items-flex-start fusion-flex-content-wrap\" style=\"max-width:1331.2px;margin-left: calc(-4% \/ 2 );margin-right: calc(-4% \/ 2 );\"><div class=\"fusion-layout-column fusion_builder_column fusion-builder-column-2 fusion_builder_column_1_1 1_1 fusion-flex-column\" style=\"--awb-bg-size:cover;--awb-width-large:100%;--awb-margin-top-large:0px;--awb-spacing-right-large:1.92%;--awb-margin-bottom-large:20px;--awb-spacing-left-large:1.92%;--awb-width-medium:100%;--awb-order-medium:0;--awb-spacing-right-medium:1.92%;--awb-spacing-left-medium:1.92%;--awb-width-small:100%;--awb-order-small:0;--awb-spacing-right-small:1.92%;--awb-spacing-left-small:1.92%;\"><div class=\"fusion-column-wrapper fusion-column-has-shadow fusion-flex-justify-content-flex-start fusion-content-layout-column\"><div class=\"fusion-title title fusion-title-4 fusion-sep-none fusion-title-text fusion-title-size-five\"><h5 class=\"fusion-title-heading title-heading-left\" style=\"margin:0;\">Criterios para el env\u00edo<\/h5><\/div><div class=\"fusion-text fusion-text-3\"><p style=\"text-align: justify;\">Los trabajos deben ser enviados al correo: <a href=\"mailto:simultaneasclinicas24@gmail.com\">simultaneasclinicas24@gmail.com<\/a><\/p>\n<ul>\n<li style=\"text-align: justify;\"><strong>Nombre del archivo<\/strong>: Apellido \u2013 N\u00ba del Eje elegido.<\/li>\n<li style=\"text-align: justify;\"><strong>Fecha l\u00edmite para el env\u00edo<\/strong>: 8 de agosto a las 23:30 hora Bogot\u00e1 .<\/li>\n<li style=\"text-align: justify;\">Solamente ser\u00e1n considerados los trabajos de los autores ya inscritos en las XIV Jornadas<\/li>\n<li>Solamente ser\u00e1n considerados los trabajos de los autores inscritos de <strong>manera presencial<\/strong> en las XIV Jornadas<\/li>\n<\/ul>\n<p><strong>\u00a1ESPERAMOS TU CONTRIBUCI\u00d3N!<\/strong><\/p>\n<\/div><\/div><\/div><\/div><\/div><\/p>\n","protected":false},"excerpt":{"rendered":"","protected":false},"author":1,"featured_media":0,"parent":0,"menu_order":6,"comment_status":"closed","ping_status":"closed","template":"","meta":{"footnotes":""},"class_list":["post-2247","page","type-page","status-publish","hentry"],"_links":{"self":[{"href":"https:\/\/jornadasnelcf.com\/xiv\/wp-json\/wp\/v2\/pages\/2247","targetHints":{"allow":["GET"]}}],"collection":[{"href":"https:\/\/jornadasnelcf.com\/xiv\/wp-json\/wp\/v2\/pages"}],"about":[{"href":"https:\/\/jornadasnelcf.com\/xiv\/wp-json\/wp\/v2\/types\/page"}],"author":[{"embeddable":true,"href":"https:\/\/jornadasnelcf.com\/xiv\/wp-json\/wp\/v2\/users\/1"}],"replies":[{"embeddable":true,"href":"https:\/\/jornadasnelcf.com\/xiv\/wp-json\/wp\/v2\/comments?post=2247"}],"version-history":[{"count":14,"href":"https:\/\/jornadasnelcf.com\/xiv\/wp-json\/wp\/v2\/pages\/2247\/revisions"}],"predecessor-version":[{"id":2999,"href":"https:\/\/jornadasnelcf.com\/xiv\/wp-json\/wp\/v2\/pages\/2247\/revisions\/2999"}],"wp:attachment":[{"href":"https:\/\/jornadasnelcf.com\/xiv\/wp-json\/wp\/v2\/media?parent=2247"}],"curies":[{"name":"wp","href":"https:\/\/api.w.org\/{rel}","templated":true}]}}

<p><div class="fusion-fullwidth fullwidth-box fusion-builder-row-1 fusion-flex-container has-pattern-background has-mask-background nonhundred-percent-fullwidth non-hundred-percent-height-scrolling" style="--awb-border-radius-top-left:0px;--awb-border-radius-top-right:0px;--awb-border-radius-bottom-right:0px;--awb-border-radius-bottom-left:0px;--awb-flex-wrap:wrap;" ><div class="fusion-builder-row fusion-row fusion-flex-align-items-flex-start fusion-flex-content-wrap" style="max-width:1331.2px;margin-left: calc(-4% / 2 );margin-right: calc(-4% / 2 );"><div class="fusion-layout-column fusion_builder_column fusion-builder-column-0 fusion_builder_column_1_1 1_1 fusion-flex-column" style="--awb-bg-size:cover;--awb-width-large:100%;--awb-margin-top-large:0px;--awb-spacing-right-large:1.92%;--awb-margin-bottom-large:20px;--awb-spacing-left-large:1.92%;--awb-width-medium:100%;--awb-order-medium:0;--awb-spacing-right-medium:1.92%;--awb-spacing-left-medium:1.92%;--awb-width-small:100%;--awb-order-small:0;--awb-spacing-right-small:1.92%;--awb-spacing-left-small:1.92%;"><div class="fusion-column-wrapper fusion-column-has-shadow fusion-flex-justify-content-flex-start fusion-content-layout-column"><div class="fusion-title title fusion-title-1 fusion-sep-none fusion-title-text fusion-title-size-five"><h5 class="fusion-title-heading title-heading-left" style="margin:0;">Llamado a contribuciones</h5></div><div class="fusion-title title fusion-title-2 fusion-sep-none fusion-title-text fusion-title-size-five"><h5 class="fusion-title-heading title-heading-left" style="margin:0;">Mesas Simultáneas Clínicas</h5></div><div class="fusion-text fusion-text-1"><p style="text-align: justify;">La Comisión Epistémica de las XIV Jornadas de la NELcf “El cuerpo en las psicosis” invita a quienes practican el psicoanálisis –en consulta privada o en instituciones– a participar con un caso y compartir los efectos de su clínica sobre el tema de nuestras próximas Jornadas.</p>
<p style="text-align: justify;">Para el envío de su contribución, solicitamos:</p>
</div></div></div></div></div><div class="fusion-fullwidth fullwidth-box fusion-builder-row-2 fusion-flex-container has-pattern-background has-mask-background nonhundred-percent-fullwidth non-hundred-percent-height-scrolling" style="--awb-border-radius-top-left:0px;--awb-border-radius-top-right:0px;--awb-border-radius-bottom-right:0px;--awb-border-radius-bottom-left:0px;--awb-flex-wrap:wrap;" ><div class="fusion-builder-row fusion-row fusion-flex-align-items-flex-start fusion-flex-content-wrap" style="max-width:1331.2px;margin-left: calc(-4% / 2 );margin-right: calc(-4% / 2 );"><div class="fusion-layout-column fusion_builder_column fusion-builder-column-1 fusion_builder_column_1_1 1_1 fusion-flex-column" style="--awb-bg-size:cover;--awb-width-large:100%;--awb-margin-top-large:0px;--awb-spacing-right-large:1.92%;--awb-margin-bottom-large:20px;--awb-spacing-left-large:1.92%;--awb-width-medium:100%;--awb-order-medium:0;--awb-spacing-right-medium:1.92%;--awb-spacing-left-medium:1.92%;--awb-width-small:100%;--awb-order-small:0;--awb-spacing-right-small:1.92%;--awb-spacing-left-small:1.92%;"><div class="fusion-column-wrapper fusion-column-has-shadow fusion-flex-justify-content-flex-start fusion-content-layout-column"><div class="fusion-title title fusion-title-3 fusion-sep-none fusion-title-text fusion-title-size-five"><h5 class="fusion-title-heading title-heading-left" style="margin:0;">Criterios para el formato</h5></div><div class="fusion-text fusion-text-2"><p style="text-align: justify;">Los textos deberán ser enviados en español, con una extensión máxima de 6000 caracteres con espacios incluidos, en formato WORD, fuente: TIMES NEW ROMAN, tamaño 12, justificado, espaciado de 1,5 líneas.</p>
<ul>
<li style="text-align: justify;">En el encabezado de la primera página debe aparecer el título del texto centralizado</li>
<li style="text-align: justify;">En la segunda línea: el nombre completo del autor, su relación a la escuela, la CIUDAD en la que trabaja.</li>
<li style="text-align: justify;">En la tercera línea: el número de eje temático y el nombre del eje elegido.</li>
</ul>
</div></div></div></div></div><div class="fusion-fullwidth fullwidth-box fusion-builder-row-3 fusion-flex-container has-pattern-background has-mask-background nonhundred-percent-fullwidth non-hundred-percent-height-scrolling" style="--awb-border-radius-top-left:0px;--awb-border-radius-top-right:0px;--awb-border-radius-bottom-right:0px;--awb-border-radius-bottom-left:0px;--awb-flex-wrap:wrap;" ><div class="fusion-builder-row fusion-row fusion-flex-align-items-flex-start fusion-flex-content-wrap" style="max-width:1331.2px;margin-left: calc(-4% / 2 );margin-right: calc(-4% / 2 );"><div class="fusion-layout-column fusion_builder_column fusion-builder-column-2 fusion_builder_column_1_1 1_1 fusion-flex-column" style="--awb-bg-size:cover;--awb-width-large:100%;--awb-margin-top-large:0px;--awb-spacing-right-large:1.92%;--awb-margin-bottom-large:20px;--awb-spacing-left-large:1.92%;--awb-width-medium:100%;--awb-order-medium:0;--awb-spacing-right-medium:1.92%;--awb-spacing-left-medium:1.92%;--awb-width-small:100%;--awb-order-small:0;--awb-spacing-right-small:1.92%;--awb-spacing-left-small:1.92%;"><div class="fusion-column-wrapper fusion-column-has-shadow fusion-flex-justify-content-flex-start fusion-content-layout-column"><div class="fusion-title title fusion-title-4 fusion-sep-none fusion-title-text fusion-title-size-five"><h5 class="fusion-title-heading title-heading-left" style="margin:0;">Criterios para el envío</h5></div><div class="fusion-text fusion-text-3"><p style="text-align: justify;">Los trabajos deben ser enviados al correo: <a href="mailto:simultaneasclinicas24@gmail.com">simultaneasclinicas24@gmail.com</a></p>
<ul>
<li style="text-align: justify;"><strong>Nombre del archivo</strong>: Apellido – Nº del Eje elegido.</li>
<li style="text-align: justify;"><strong>Fecha límite para el envío</strong>: 8 de agosto a las 23:30 hora Bogotá .</li>
<li style="text-align: justify;">Solamente serán considerados los trabajos de los autores ya inscritos en las XIV Jornadas</li>
<li>Solamente serán considerados los trabajos de los autores inscritos de <strong>manera presencial</strong> en las XIV Jornadas</li>
</ul>
<p><strong>¡ESPERAMOS TU CONTRIBUCIÓN!</strong></p>
</div></div></div></div></div></p>
