{"id":3163,"date":"2024-09-15T20:17:36","date_gmt":"2024-09-15T23:17:36","guid":{"rendered":"https:\/\/jornadasnelcf.com\/xiv\/?post_type=avada_portfolio&#038;p=3163"},"modified":"2024-09-15T20:17:36","modified_gmt":"2024-09-15T23:17:36","slug":"cuerpo-psicosis-e-institucion-universidad-de-san-buenaventura-cali","status":"publish","type":"avada_portfolio","link":"https:\/\/jornadasnelcf.com\/xiv\/our-projects\/cuerpo-psicosis-e-institucion-universidad-de-san-buenaventura-cali\/","title":{"rendered":"Cuerpo, Psicosis e Instituci\u00f3n &#8211; Universidad de San Buenaventura Cali"},"content":{"rendered":"<p><div class=\"fusion-fullwidth fullwidth-box fusion-builder-row-1 fusion-flex-container has-pattern-background has-mask-background nonhundred-percent-fullwidth non-hundred-percent-height-scrolling\" style=\"--awb-border-radius-top-left:0px;--awb-border-radius-top-right:0px;--awb-border-radius-bottom-right:0px;--awb-border-radius-bottom-left:0px;--awb-flex-wrap:wrap;\" ><div class=\"fusion-builder-row fusion-row fusion-flex-align-items-flex-start fusion-flex-content-wrap\" style=\"max-width:1331.2px;margin-left: calc(-4% \/ 2 );margin-right: calc(-4% \/ 2 );\"><div class=\"fusion-layout-column fusion_builder_column fusion-builder-column-0 fusion_builder_column_1_1 1_1 fusion-flex-column\" style=\"--awb-bg-size:cover;--awb-width-large:100%;--awb-margin-top-large:0px;--awb-spacing-right-large:1.92%;--awb-margin-bottom-large:20px;--awb-spacing-left-large:1.92%;--awb-width-medium:100%;--awb-order-medium:0;--awb-spacing-right-medium:1.92%;--awb-spacing-left-medium:1.92%;--awb-width-small:100%;--awb-order-small:0;--awb-spacing-right-small:1.92%;--awb-spacing-left-small:1.92%;\"><div class=\"fusion-column-wrapper fusion-column-has-shadow fusion-flex-justify-content-flex-start fusion-content-layout-column\"><div class=\"fusion-title title fusion-title-1 fusion-sep-none fusion-title-text fusion-title-size-one\" style=\"--awb-font-size:35px;\"><h1 class=\"fusion-title-heading title-heading-left\" style=\"margin:0;font-size:1em;\">Cuerpo, Psicosis e Instituci\u00f3n<\/h1><\/div><div class=\"fusion-text fusion-text-1\"><p>Universidad de San Buenaventura Cali<\/p>\n<\/div><\/div><\/div><\/div><\/div><div class=\"fusion-fullwidth fullwidth-box fusion-builder-row-2 fusion-flex-container has-pattern-background has-mask-background nonhundred-percent-fullwidth non-hundred-percent-height-scrolling\" style=\"--awb-border-radius-top-left:0px;--awb-border-radius-top-right:0px;--awb-border-radius-bottom-right:0px;--awb-border-radius-bottom-left:0px;--awb-flex-wrap:wrap;\" ><div class=\"fusion-builder-row fusion-row fusion-flex-align-items-flex-start fusion-flex-content-wrap\" style=\"max-width:1331.2px;margin-left: calc(-4% \/ 2 );margin-right: calc(-4% \/ 2 );\"><div class=\"fusion-layout-column fusion_builder_column fusion-builder-column-1 fusion_builder_column_1_2 1_2 fusion-flex-column\" style=\"--awb-bg-size:cover;--awb-width-large:50%;--awb-margin-top-large:0px;--awb-spacing-right-large:3.84%;--awb-margin-bottom-large:20px;--awb-spacing-left-large:3.84%;--awb-width-medium:50%;--awb-order-medium:0;--awb-spacing-right-medium:3.84%;--awb-spacing-left-medium:3.84%;--awb-width-small:100%;--awb-order-small:0;--awb-spacing-right-small:1.92%;--awb-spacing-left-small:1.92%;\"><div class=\"fusion-column-wrapper fusion-column-has-shadow fusion-flex-justify-content-flex-start fusion-content-layout-column\"><div class=\"fusion-image-element \" style=\"--awb-caption-title-font-family:var(--h2_typography-font-family);--awb-caption-title-font-weight:var(--h2_typography-font-weight);--awb-caption-title-font-style:var(--h2_typography-font-style);--awb-caption-title-size:var(--h2_typography-font-size);--awb-caption-title-transform:var(--h2_typography-text-transform);--awb-caption-title-line-height:var(--h2_typography-line-height);--awb-caption-title-letter-spacing:var(--h2_typography-letter-spacing);\"><span class=\" fusion-imageframe imageframe-none imageframe-1 hover-type-none\"><img decoding=\"async\" width=\"1080\" height=\"1080\" title=\"UNIVERSIDAD SAN BUENA AVENTURA\" src=\"https:\/\/jornadasnelcf.com\/xiv\/wp-content\/uploads\/sites\/3\/2024\/09\/UNIVERSIDAD-SAN-BUENA-AVENTURA.jpeg\" data-orig-src=\"https:\/\/jornadasnelcf.com\/xiv\/wp-content\/uploads\/sites\/3\/2024\/09\/UNIVERSIDAD-SAN-BUENA-AVENTURA.jpeg\" alt class=\"lazyload img-responsive wp-image-3164\" srcset=\"data:image\/svg+xml,%3Csvg%20xmlns%3D%27http%3A%2F%2Fwww.w3.org%2F2000%2Fsvg%27%20width%3D%271080%27%20height%3D%271080%27%20viewBox%3D%270%200%201080%201080%27%3E%3Crect%20width%3D%271080%27%20height%3D%271080%27%20fill-opacity%3D%220%22%2F%3E%3C%2Fsvg%3E\" data-srcset=\"https:\/\/jornadasnelcf.com\/xiv\/wp-content\/uploads\/sites\/3\/2024\/09\/UNIVERSIDAD-SAN-BUENA-AVENTURA-200x200.jpeg 200w, https:\/\/jornadasnelcf.com\/xiv\/wp-content\/uploads\/sites\/3\/2024\/09\/UNIVERSIDAD-SAN-BUENA-AVENTURA-400x400.jpeg 400w, https:\/\/jornadasnelcf.com\/xiv\/wp-content\/uploads\/sites\/3\/2024\/09\/UNIVERSIDAD-SAN-BUENA-AVENTURA-600x600.jpeg 600w, https:\/\/jornadasnelcf.com\/xiv\/wp-content\/uploads\/sites\/3\/2024\/09\/UNIVERSIDAD-SAN-BUENA-AVENTURA-800x800.jpeg 800w, https:\/\/jornadasnelcf.com\/xiv\/wp-content\/uploads\/sites\/3\/2024\/09\/UNIVERSIDAD-SAN-BUENA-AVENTURA.jpeg 1080w\" data-sizes=\"auto\" data-orig-sizes=\"(max-width: 820px) 100vw, 800px\" \/><\/span><\/div><\/div><\/div><div class=\"fusion-layout-column fusion_builder_column fusion-builder-column-2 fusion_builder_column_1_2 1_2 fusion-flex-column\" style=\"--awb-bg-size:cover;--awb-width-large:50%;--awb-margin-top-large:0px;--awb-spacing-right-large:3.84%;--awb-margin-bottom-large:20px;--awb-spacing-left-large:3.84%;--awb-width-medium:50%;--awb-order-medium:0;--awb-spacing-right-medium:3.84%;--awb-spacing-left-medium:3.84%;--awb-width-small:100%;--awb-order-small:0;--awb-spacing-right-small:1.92%;--awb-spacing-left-small:1.92%;\"><div class=\"fusion-column-wrapper fusion-column-has-shadow fusion-flex-justify-content-flex-start fusion-content-layout-column\"><div class=\"fusion-text fusion-text-2\"><p style=\"text-align: right;\">Universidad de San Buenaventura<br \/>Cali, Colombia<\/p>\n<p style=\"text-align: justify;\">\u201cCuerpo, Psicosis e Instituci\u00f3n\u201d fue el t\u00edtulo del conversatorio que se llev\u00f3 a cabo el 16 de Agosto de 2024 en la Universidad de San Buenaventura Cali, donde Luisa Arag\u00f3n, Presidenta de las XIV Jornadas de la NEL &#8220;El cuerpo en las psicosis&#8221; y Vicepresidenta de la NEL, estuvo compartiendo sus elaboraciones y reflexiones alrededor del psicoan\u00e1lisis aplicado en las instituciones, logrando transmitir los conceptos psicoanal\u00edticos, as\u00ed como los alcances e impasses de una pr\u00e1ctica que no cesa de interrogarnos.\u00a0De esta jornada extraigo, m\u00e1s que una certidumbre, una pregunta que relanza el trabajo institucional: \u00bfc\u00f3mo infiltrar el discurso psicoanal\u00edtico en las instituciones?\u00a0<\/p>\n<p style=\"text-align: justify;\">Cabe se\u00f1alar que en este conversatorio tambi\u00e9n estuvieron presentes M\u00f3nica Patricia Larrahondo, Miembro de la AMP y de la NEL, y Tatiana Calder\u00f3n, Coordinadora Acad\u00e9mica de la Maestr\u00eda y Especializaci\u00f3n en Psicolog\u00eda Cl\u00ednica con orientaci\u00f3n psicoanal\u00edtica. Y en el p\u00fablico\u00a0asistente se encontraban estudiantes de pregrado y posgrado de psicolog\u00eda, as\u00ed como docentes, egresados y colegas de Cali. Las resonancias de este conversatorio aun siguen haciendo eco.\u00a0<\/p>\n<p style=\"text-align: justify;\">Monica Larrahondo<\/p>\n<\/div><div class=\"fusion-separator fusion-full-width-sep\" style=\"align-self: center;margin-left: auto;margin-right: auto;margin-top:10px;margin-bottom:10px;width:100%;\"><\/div><div class=\"awb-gallery-wrapper awb-gallery-wrapper-1 button-span-no\" style=\"--more-btn-alignment:center;\"><div style=\"margin:-5px;--awb-bordersize:0px;\" class=\"fusion-gallery fusion-gallery-container fusion-grid-2 fusion-columns-total-2 fusion-gallery-layout-grid fusion-gallery-1\"><div style=\"padding:5px;\" class=\"fusion-grid-column fusion-gallery-column fusion-gallery-column-2 hover-type-none\"><div class=\"fusion-gallery-image\"><a href=\"https:\/\/jornadasnelcf.com\/xiv\/wp-content\/uploads\/sites\/3\/2024\/09\/UNIVERSIDAD-CALI.jpeg\" rel=\"noreferrer\" data-rel=\"iLightbox[gallery_image_1]\" class=\"fusion-lightbox\" target=\"_self\"><img decoding=\"async\" src=\"https:\/\/jornadasnelcf.com\/xiv\/wp-content\/uploads\/sites\/3\/2024\/09\/UNIVERSIDAD-CALI-460x295.jpeg\" width=\"460\" height=\"295\" alt=\"\" title=\"UNIVERSIDAD CALI\" aria-label=\"UNIVERSIDAD CALI\" class=\"img-responsive wp-image-3165 fusion-gallery-image-size-fixed\"  \/><\/a><\/div><\/div><div style=\"padding:5px;\" class=\"fusion-grid-column fusion-gallery-column fusion-gallery-column-2 hover-type-none\"><div class=\"fusion-gallery-image\"><a href=\"https:\/\/jornadasnelcf.com\/xiv\/wp-content\/uploads\/sites\/3\/2024\/09\/uNIV-CALI-COLOMBIA.jpeg\" rel=\"noreferrer\" data-rel=\"iLightbox[gallery_image_1]\" class=\"fusion-lightbox\" target=\"_self\"><img decoding=\"async\" src=\"https:\/\/jornadasnelcf.com\/xiv\/wp-content\/uploads\/sites\/3\/2024\/09\/uNIV-CALI-COLOMBIA-460x295.jpeg\" width=\"460\" height=\"295\" alt=\"\" title=\"uNIV CALI COLOMBIA\" aria-label=\"uNIV CALI COLOMBIA\" class=\"img-responsive wp-image-3166 fusion-gallery-image-size-fixed\"  \/><\/a><\/div><\/div><div class=\"clearfix\"><\/div><\/div><\/div><\/div><\/div><\/div><\/div><\/p>\n","protected":false},"excerpt":{"rendered":"","protected":false},"author":1,"featured_media":3164,"menu_order":0,"comment_status":"open","ping_status":"closed","template":"","format":"standard","meta":{"footnotes":""},"portfolio_category":[46],"portfolio_skills":[],"portfolio_tags":[],"class_list":["post-3163","avada_portfolio","type-avada_portfolio","status-publish","format-standard","has-post-thumbnail","hentry","portfolio_category-hacia-las-jornadas-universidades"],"_links":{"self":[{"href":"https:\/\/jornadasnelcf.com\/xiv\/wp-json\/wp\/v2\/avada_portfolio\/3163","targetHints":{"allow":["GET"]}}],"collection":[{"href":"https:\/\/jornadasnelcf.com\/xiv\/wp-json\/wp\/v2\/avada_portfolio"}],"about":[{"href":"https:\/\/jornadasnelcf.com\/xiv\/wp-json\/wp\/v2\/types\/avada_portfolio"}],"author":[{"embeddable":true,"href":"https:\/\/jornadasnelcf.com\/xiv\/wp-json\/wp\/v2\/users\/1"}],"replies":[{"embeddable":true,"href":"https:\/\/jornadasnelcf.com\/xiv\/wp-json\/wp\/v2\/comments?post=3163"}],"version-history":[{"count":1,"href":"https:\/\/jornadasnelcf.com\/xiv\/wp-json\/wp\/v2\/avada_portfolio\/3163\/revisions"}],"predecessor-version":[{"id":3167,"href":"https:\/\/jornadasnelcf.com\/xiv\/wp-json\/wp\/v2\/avada_portfolio\/3163\/revisions\/3167"}],"wp:featuredmedia":[{"embeddable":true,"href":"https:\/\/jornadasnelcf.com\/xiv\/wp-json\/wp\/v2\/media\/3164"}],"wp:attachment":[{"href":"https:\/\/jornadasnelcf.com\/xiv\/wp-json\/wp\/v2\/media?parent=3163"}],"wp:term":[{"taxonomy":"portfolio_category","embeddable":true,"href":"https:\/\/jornadasnelcf.com\/xiv\/wp-json\/wp\/v2\/portfolio_category?post=3163"},{"taxonomy":"portfolio_skills","embeddable":true,"href":"https:\/\/jornadasnelcf.com\/xiv\/wp-json\/wp\/v2\/portfolio_skills?post=3163"},{"taxonomy":"portfolio_tags","embeddable":true,"href":"https:\/\/jornadasnelcf.com\/xiv\/wp-json\/wp\/v2\/portfolio_tags?post=3163"}],"curies":[{"name":"wp","href":"https:\/\/api.w.org\/{rel}","templated":true}]}}

Cuerpo, Psicosis e Institución &#8211; Universidad de San Buenaventura Cali

<p><div class="fusion-fullwidth fullwidth-box fusion-builder-row-1 fusion-flex-container has-pattern-background has-mask-background nonhundred-percent-fullwidth non-hundred-percent-height-scrolling" style="--awb-border-radius-top-left:0px;--awb-border-radius-top-right:0px;--awb-border-radius-bottom-right:0px;--awb-border-radius-bottom-left:0px;--awb-flex-wrap:wrap;" ><div class="fusion-builder-row fusion-row fusion-flex-align-items-flex-start fusion-flex-content-wrap" style="max-width:1331.2px;margin-left: calc(-4% / 2 );margin-right: calc(-4% / 2 );"><div class="fusion-layout-column fusion_builder_column fusion-builder-column-0 fusion_builder_column_1_1 1_1 fusion-flex-column" style="--awb-bg-size:cover;--awb-width-large:100%;--awb-margin-top-large:0px;--awb-spacing-right-large:1.92%;--awb-margin-bottom-large:20px;--awb-spacing-left-large:1.92%;--awb-width-medium:100%;--awb-order-medium:0;--awb-spacing-right-medium:1.92%;--awb-spacing-left-medium:1.92%;--awb-width-small:100%;--awb-order-small:0;--awb-spacing-right-small:1.92%;--awb-spacing-left-small:1.92%;"><div class="fusion-column-wrapper fusion-column-has-shadow fusion-flex-justify-content-flex-start fusion-content-layout-column"><div class="fusion-title title fusion-title-1 fusion-sep-none fusion-title-text fusion-title-size-one" style="--awb-font-size:35px;"><h1 class="fusion-title-heading title-heading-left" style="margin:0;font-size:1em;">Cuerpo, Psicosis e Institución</h1></div><div class="fusion-text fusion-text-1"><p>Universidad de San Buenaventura Cali</p>
</div></div></div></div></div><div class="fusion-fullwidth fullwidth-box fusion-builder-row-2 fusion-flex-container has-pattern-background has-mask-background nonhundred-percent-fullwidth non-hundred-percent-height-scrolling" style="--awb-border-radius-top-left:0px;--awb-border-radius-top-right:0px;--awb-border-radius-bottom-right:0px;--awb-border-radius-bottom-left:0px;--awb-flex-wrap:wrap;" ><div class="fusion-builder-row fusion-row fusion-flex-align-items-flex-start fusion-flex-content-wrap" style="max-width:1331.2px;margin-left: calc(-4% / 2 );margin-right: calc(-4% / 2 );"><div class="fusion-layout-column fusion_builder_column fusion-builder-column-1 fusion_builder_column_1_2 1_2 fusion-flex-column" style="--awb-bg-size:cover;--awb-width-large:50%;--awb-margin-top-large:0px;--awb-spacing-right-large:3.84%;--awb-margin-bottom-large:20px;--awb-spacing-left-large:3.84%;--awb-width-medium:50%;--awb-order-medium:0;--awb-spacing-right-medium:3.84%;--awb-spacing-left-medium:3.84%;--awb-width-small:100%;--awb-order-small:0;--awb-spacing-right-small:1.92%;--awb-spacing-left-small:1.92%;"><div class="fusion-column-wrapper fusion-column-has-shadow fusion-flex-justify-content-flex-start fusion-content-layout-column"><div class="fusion-image-element " style="--awb-caption-title-font-family:var(--h2_typography-font-family);--awb-caption-title-font-weight:var(--h2_typography-font-weight);--awb-caption-title-font-style:var(--h2_typography-font-style);--awb-caption-title-size:var(--h2_typography-font-size);--awb-caption-title-transform:var(--h2_typography-text-transform);--awb-caption-title-line-height:var(--h2_typography-line-height);--awb-caption-title-letter-spacing:var(--h2_typography-letter-spacing);"><span class=" fusion-imageframe imageframe-none imageframe-1 hover-type-none"><img decoding="async" width="1080" height="1080" title="UNIVERSIDAD SAN BUENA AVENTURA" src="https://jornadasnelcf.com/xiv/wp-content/uploads/sites/3/2024/09/UNIVERSIDAD-SAN-BUENA-AVENTURA.jpeg" data-orig-src="https://jornadasnelcf.com/xiv/wp-content/uploads/sites/3/2024/09/UNIVERSIDAD-SAN-BUENA-AVENTURA.jpeg" alt class="lazyload img-responsive wp-image-3164" srcset="data:image/svg+xml,%3Csvg%20xmlns%3D%27http%3A%2F%2Fwww.w3.org%2F2000%2Fsvg%27%20width%3D%271080%27%20height%3D%271080%27%20viewBox%3D%270%200%201080%201080%27%3E%3Crect%20width%3D%271080%27%20height%3D%271080%27%20fill-opacity%3D%220%22%2F%3E%3C%2Fsvg%3E" data-srcset="https://jornadasnelcf.com/xiv/wp-content/uploads/sites/3/2024/09/UNIVERSIDAD-SAN-BUENA-AVENTURA-200x200.jpeg 200w, https://jornadasnelcf.com/xiv/wp-content/uploads/sites/3/2024/09/UNIVERSIDAD-SAN-BUENA-AVENTURA-400x400.jpeg 400w, https://jornadasnelcf.com/xiv/wp-content/uploads/sites/3/2024/09/UNIVERSIDAD-SAN-BUENA-AVENTURA-600x600.jpeg 600w, https://jornadasnelcf.com/xiv/wp-content/uploads/sites/3/2024/09/UNIVERSIDAD-SAN-BUENA-AVENTURA-800x800.jpeg 800w, https://jornadasnelcf.com/xiv/wp-content/uploads/sites/3/2024/09/UNIVERSIDAD-SAN-BUENA-AVENTURA.jpeg 1080w" data-sizes="auto" data-orig-sizes="(max-width: 820px) 100vw, 800px" /></span></div></div></div><div class="fusion-layout-column fusion_builder_column fusion-builder-column-2 fusion_builder_column_1_2 1_2 fusion-flex-column" style="--awb-bg-size:cover;--awb-width-large:50%;--awb-margin-top-large:0px;--awb-spacing-right-large:3.84%;--awb-margin-bottom-large:20px;--awb-spacing-left-large:3.84%;--awb-width-medium:50%;--awb-order-medium:0;--awb-spacing-right-medium:3.84%;--awb-spacing-left-medium:3.84%;--awb-width-small:100%;--awb-order-small:0;--awb-spacing-right-small:1.92%;--awb-spacing-left-small:1.92%;"><div class="fusion-column-wrapper fusion-column-has-shadow fusion-flex-justify-content-flex-start fusion-content-layout-column"><div class="fusion-text fusion-text-2"><p style="text-align: right;">Universidad de San Buenaventura<br />Cali, Colombia</p>
<p style="text-align: justify;">“Cuerpo, Psicosis e Institución” fue el título del conversatorio que se llevó a cabo el 16 de Agosto de 2024 en la Universidad de San Buenaventura Cali, donde Luisa Aragón, Presidenta de las XIV Jornadas de la NEL &#8220;El cuerpo en las psicosis&#8221; y Vicepresidenta de la NEL, estuvo compartiendo sus elaboraciones y reflexiones alrededor del psicoanálisis aplicado en las instituciones, logrando transmitir los conceptos psicoanalíticos, así como los alcances e impasses de una práctica que no cesa de interrogarnos. De esta jornada extraigo, más que una certidumbre, una pregunta que relanza el trabajo institucional: ¿cómo infiltrar el discurso psicoanalítico en las instituciones? </p>
<p style="text-align: justify;">Cabe señalar que en este conversatorio también estuvieron presentes Mónica Patricia Larrahondo, Miembro de la AMP y de la NEL, y Tatiana Calderón, Coordinadora Académica de la Maestría y Especialización en Psicología Clínica con orientación psicoanalítica. Y en el público asistente se encontraban estudiantes de pregrado y posgrado de psicología, así como docentes, egresados y colegas de Cali. Las resonancias de este conversatorio aun siguen haciendo eco. </p>
<p style="text-align: justify;">Monica Larrahondo</p>
</div><div class="fusion-separator fusion-full-width-sep" style="align-self: center;margin-left: auto;margin-right: auto;margin-top:10px;margin-bottom:10px;width:100%;"></div><div class="awb-gallery-wrapper awb-gallery-wrapper-1 button-span-no" style="--more-btn-alignment:center;"><div style="margin:-5px;--awb-bordersize:0px;" class="fusion-gallery fusion-gallery-container fusion-grid-2 fusion-columns-total-2 fusion-gallery-layout-grid fusion-gallery-1"><div style="padding:5px;" class="fusion-grid-column fusion-gallery-column fusion-gallery-column-2 hover-type-none"><div class="fusion-gallery-image"><a href="https://jornadasnelcf.com/xiv/wp-content/uploads/sites/3/2024/09/UNIVERSIDAD-CALI.jpeg" rel="noreferrer" data-rel="iLightbox[gallery_image_1]" class="fusion-lightbox" target="_self"><img decoding="async" src="https://jornadasnelcf.com/xiv/wp-content/uploads/sites/3/2024/09/UNIVERSIDAD-CALI-460x295.jpeg" width="460" height="295" alt="" title="UNIVERSIDAD CALI" aria-label="UNIVERSIDAD CALI" class="img-responsive wp-image-3165 fusion-gallery-image-size-fixed"  /></a></div></div><div style="padding:5px;" class="fusion-grid-column fusion-gallery-column fusion-gallery-column-2 hover-type-none"><div class="fusion-gallery-image"><a href="https://jornadasnelcf.com/xiv/wp-content/uploads/sites/3/2024/09/uNIV-CALI-COLOMBIA.jpeg" rel="noreferrer" data-rel="iLightbox[gallery_image_1]" class="fusion-lightbox" target="_self"><img decoding="async" src="https://jornadasnelcf.com/xiv/wp-content/uploads/sites/3/2024/09/uNIV-CALI-COLOMBIA-460x295.jpeg" width="460" height="295" alt="" title="uNIV CALI COLOMBIA" aria-label="uNIV CALI COLOMBIA" class="img-responsive wp-image-3166 fusion-gallery-image-size-fixed"  /></a></div></div><div class="clearfix"></div></div></div></div></div></div></div></p>
