{"id":3155,"date":"2024-09-15T20:15:11","date_gmt":"2024-09-15T23:15:11","guid":{"rendered":"https:\/\/jornadasnelcf.com\/xiv\/?post_type=avada_portfolio&#038;p=3155"},"modified":"2024-09-15T20:15:11","modified_gmt":"2024-09-15T23:15:11","slug":"embrollos-del-cuerpo-en-la-psicosis-upal-universidad-abierta-de-america-latina","status":"publish","type":"avada_portfolio","link":"https:\/\/jornadasnelcf.com\/xiv\/our-projects\/embrollos-del-cuerpo-en-la-psicosis-upal-universidad-abierta-de-america-latina\/","title":{"rendered":"Embrollos del cuerpo en la psicosis &#8211; UPAL Universidad Abierta de America Latina"},"content":{"rendered":"<p><div class=\"fusion-fullwidth fullwidth-box fusion-builder-row-1 fusion-flex-container has-pattern-background has-mask-background nonhundred-percent-fullwidth non-hundred-percent-height-scrolling\" style=\"--awb-border-radius-top-left:0px;--awb-border-radius-top-right:0px;--awb-border-radius-bottom-right:0px;--awb-border-radius-bottom-left:0px;--awb-flex-wrap:wrap;\" ><div class=\"fusion-builder-row fusion-row fusion-flex-align-items-flex-start fusion-flex-content-wrap\" style=\"max-width:1331.2px;margin-left: calc(-4% \/ 2 );margin-right: calc(-4% \/ 2 );\"><div class=\"fusion-layout-column fusion_builder_column fusion-builder-column-0 fusion_builder_column_1_1 1_1 fusion-flex-column\" style=\"--awb-bg-size:cover;--awb-width-large:100%;--awb-margin-top-large:0px;--awb-spacing-right-large:1.92%;--awb-margin-bottom-large:20px;--awb-spacing-left-large:1.92%;--awb-width-medium:100%;--awb-order-medium:0;--awb-spacing-right-medium:1.92%;--awb-spacing-left-medium:1.92%;--awb-width-small:100%;--awb-order-small:0;--awb-spacing-right-small:1.92%;--awb-spacing-left-small:1.92%;\"><div class=\"fusion-column-wrapper fusion-column-has-shadow fusion-flex-justify-content-flex-start fusion-content-layout-column\"><div class=\"fusion-title title fusion-title-1 fusion-sep-none fusion-title-text fusion-title-size-one\" style=\"--awb-font-size:35px;\"><h1 class=\"fusion-title-heading title-heading-left\" style=\"margin:0;font-size:1em;\">Embrollos del cuerpo en la psicosis<\/h1><\/div><div class=\"fusion-text fusion-text-1\"><p>Universidad Abierta de America Latina<\/p>\n<\/div><\/div><\/div><\/div><\/div><div class=\"fusion-fullwidth fullwidth-box fusion-builder-row-2 fusion-flex-container has-pattern-background has-mask-background nonhundred-percent-fullwidth non-hundred-percent-height-scrolling\" style=\"--awb-border-radius-top-left:0px;--awb-border-radius-top-right:0px;--awb-border-radius-bottom-right:0px;--awb-border-radius-bottom-left:0px;--awb-flex-wrap:wrap;\" ><div class=\"fusion-builder-row fusion-row fusion-flex-align-items-flex-start fusion-flex-content-wrap\" style=\"max-width:1331.2px;margin-left: calc(-4% \/ 2 );margin-right: calc(-4% \/ 2 );\"><div class=\"fusion-layout-column fusion_builder_column fusion-builder-column-1 fusion_builder_column_1_2 1_2 fusion-flex-column\" style=\"--awb-bg-size:cover;--awb-width-large:50%;--awb-margin-top-large:0px;--awb-spacing-right-large:3.84%;--awb-margin-bottom-large:20px;--awb-spacing-left-large:3.84%;--awb-width-medium:50%;--awb-order-medium:0;--awb-spacing-right-medium:3.84%;--awb-spacing-left-medium:3.84%;--awb-width-small:100%;--awb-order-small:0;--awb-spacing-right-small:1.92%;--awb-spacing-left-small:1.92%;\"><div class=\"fusion-column-wrapper fusion-column-has-shadow fusion-flex-justify-content-flex-start fusion-content-layout-column\"><div class=\"fusion-image-element \" style=\"--awb-caption-title-font-family:var(--h2_typography-font-family);--awb-caption-title-font-weight:var(--h2_typography-font-weight);--awb-caption-title-font-style:var(--h2_typography-font-style);--awb-caption-title-size:var(--h2_typography-font-size);--awb-caption-title-transform:var(--h2_typography-text-transform);--awb-caption-title-line-height:var(--h2_typography-line-height);--awb-caption-title-letter-spacing:var(--h2_typography-letter-spacing);\"><span class=\" fusion-imageframe imageframe-none imageframe-1 hover-type-none\"><img decoding=\"async\" width=\"518\" height=\"524\" title=\"Afiche UPAL\" src=\"https:\/\/jornadasnelcf.com\/xiv\/wp-content\/uploads\/sites\/3\/2024\/09\/Afiche-UPAL.jpeg\" data-orig-src=\"https:\/\/jornadasnelcf.com\/xiv\/wp-content\/uploads\/sites\/3\/2024\/09\/Afiche-UPAL.jpeg\" alt class=\"lazyload img-responsive wp-image-3156\" srcset=\"data:image\/svg+xml,%3Csvg%20xmlns%3D%27http%3A%2F%2Fwww.w3.org%2F2000%2Fsvg%27%20width%3D%27518%27%20height%3D%27524%27%20viewBox%3D%270%200%20518%20524%27%3E%3Crect%20width%3D%27518%27%20height%3D%27524%27%20fill-opacity%3D%220%22%2F%3E%3C%2Fsvg%3E\" data-srcset=\"https:\/\/jornadasnelcf.com\/xiv\/wp-content\/uploads\/sites\/3\/2024\/09\/Afiche-UPAL-200x202.jpeg 200w, https:\/\/jornadasnelcf.com\/xiv\/wp-content\/uploads\/sites\/3\/2024\/09\/Afiche-UPAL-400x405.jpeg 400w, https:\/\/jornadasnelcf.com\/xiv\/wp-content\/uploads\/sites\/3\/2024\/09\/Afiche-UPAL.jpeg 518w\" data-sizes=\"auto\" data-orig-sizes=\"(max-width: 820px) 100vw, 518px\" \/><\/span><\/div><\/div><\/div><div class=\"fusion-layout-column fusion_builder_column fusion-builder-column-2 fusion_builder_column_1_2 1_2 fusion-flex-column\" style=\"--awb-bg-size:cover;--awb-width-large:50%;--awb-margin-top-large:0px;--awb-spacing-right-large:3.84%;--awb-margin-bottom-large:20px;--awb-spacing-left-large:3.84%;--awb-width-medium:50%;--awb-order-medium:0;--awb-spacing-right-medium:3.84%;--awb-spacing-left-medium:3.84%;--awb-width-small:100%;--awb-order-small:0;--awb-spacing-right-small:1.92%;--awb-spacing-left-small:1.92%;\"><div class=\"fusion-column-wrapper fusion-column-has-shadow fusion-flex-justify-content-flex-start fusion-content-layout-column\"><div class=\"fusion-text fusion-text-2\"><p style=\"text-align: justify;\">El 23 de agosto del presten a\u00f1o iniciamos el segundo ciclo del Seminario del Departamento de Psicoan\u00e1lisis de la UPAL con el tema: Embrollos del cuerpo en la psicosis. El cual esta orientado por las XIV Jornadas de la Nueva Escuela Lacaniana -Nelcf que se realizar\u00e1n este a\u00f1o.<\/p>\n<p style=\"text-align: justify;\">El seminario trabajar\u00e1 en cuatro encuentros los siguientes temas: \u00bfQu\u00e9 es el cuerpo?, Fen\u00f3menos de cuerpo, Arreglos &#8211; Desarreglos y Psicosis, cuerpo e instituci\u00f3n. Los tres \u00faltimos encuentros est\u00e1n a cargo de los miembros del Departamento: Thamer Prieto, Cristian La Torre, Mariela Camacho, Yesenia Argando\u00f1a, Daniela Pinto, Carlos Larra\u00edn, Nayra Barrientos y Claudia Pe\u00f1aloza.<\/p>\n<p style=\"text-align: justify;\">\u00a0El primer encuentro estuvo a cargo de nuestra Invitada M\u00f3nica Pelliza Miembro de la Nelcf-AMP, AME. Present\u00f3: \u00bfQu\u00e9 es el cuerpo en la psicosis? Realiz\u00f3 un recorrido te\u00f3rico sobre el concepto de cuerpo y c\u00f3mo pensar el cuerpo en la psicosis. Recorrido que tuvo como referencia textos lacanianos de la primer y ultima ense\u00f1anza, como tambi\u00e9n de E. Laurent y J.A. Miller. Para luego ejemplificar con un an\u00e1lisis preciso sobre la novela de Marguerite Duras, El arrebato de Lol V. Stein. Resalt\u00e1ndose, la importancia de c\u00f3mo un sujeto tiene un cuerpo, la funci\u00f3n de la mirada y de los otros: encarnados en distintos personajes de la novela que le posibilitan a Lol, el personaje principal, el armado de una escena y de un cuerpo.<\/p>\n<p style=\"text-align: justify;\">Agradecemos a M\u00f3nica Pelliza por la trasmisi\u00f3n clara y vivaz.<\/p>\n<\/div><div class=\"fusion-separator fusion-full-width-sep\" style=\"align-self: center;margin-left: auto;margin-right: auto;margin-top:10px;margin-bottom:10px;width:100%;\"><\/div><div class=\"awb-gallery-wrapper awb-gallery-wrapper-1 button-span-no\" style=\"--more-btn-alignment:center;\"><div style=\"margin:-5px;--awb-bordersize:0px;\" class=\"fusion-gallery fusion-gallery-container fusion-grid-2 fusion-columns-total-4 fusion-gallery-layout-grid fusion-gallery-1\"><div style=\"padding:5px;\" class=\"fusion-grid-column fusion-gallery-column fusion-gallery-column-2 hover-type-none\"><div class=\"fusion-gallery-image\"><a href=\"https:\/\/jornadasnelcf.com\/xiv\/wp-content\/uploads\/sites\/3\/2024\/09\/Seminario-30-de-agosto-2-encuentro.jpeg\" rel=\"noreferrer\" data-rel=\"iLightbox[gallery_image_1]\" class=\"fusion-lightbox\" target=\"_self\"><img decoding=\"async\" src=\"https:\/\/jornadasnelcf.com\/xiv\/wp-content\/uploads\/sites\/3\/2024\/09\/Seminario-30-de-agosto-2-encuentro-460x295.jpeg\" width=\"460\" height=\"295\" alt=\"\" title=\"Seminario 30 de agosto 2 encuentro\" aria-label=\"Seminario 30 de agosto 2 encuentro\" class=\"img-responsive wp-image-3157 fusion-gallery-image-size-fixed\"  \/><\/a><\/div><\/div><div style=\"padding:5px;\" class=\"fusion-grid-column fusion-gallery-column fusion-gallery-column-2 hover-type-none\"><div class=\"fusion-gallery-image\"><a href=\"https:\/\/jornadasnelcf.com\/xiv\/wp-content\/uploads\/sites\/3\/2024\/09\/seminario-embrollos-2.jpeg\" rel=\"noreferrer\" data-rel=\"iLightbox[gallery_image_1]\" class=\"fusion-lightbox\" target=\"_self\"><img decoding=\"async\" src=\"https:\/\/jornadasnelcf.com\/xiv\/wp-content\/uploads\/sites\/3\/2024\/09\/seminario-embrollos-2-460x295.jpeg\" width=\"460\" height=\"295\" alt=\"\" title=\"seminario embrollos 2\" aria-label=\"seminario embrollos 2\" class=\"img-responsive wp-image-3158 fusion-gallery-image-size-fixed\"  \/><\/a><\/div><\/div><div class=\"clearfix\"><\/div><div style=\"padding:5px;\" class=\"fusion-grid-column fusion-gallery-column fusion-gallery-column-2 hover-type-none\"><div class=\"fusion-gallery-image\"><a href=\"https:\/\/jornadasnelcf.com\/xiv\/wp-content\/uploads\/sites\/3\/2024\/09\/seminario-embrollos-3.jpeg\" rel=\"noreferrer\" data-rel=\"iLightbox[gallery_image_1]\" class=\"fusion-lightbox\" target=\"_self\"><img decoding=\"async\" src=\"https:\/\/jornadasnelcf.com\/xiv\/wp-content\/uploads\/sites\/3\/2024\/09\/seminario-embrollos-3-460x295.jpeg\" width=\"460\" height=\"295\" alt=\"\" title=\"seminario embrollos 3\" aria-label=\"seminario embrollos 3\" class=\"img-responsive wp-image-3159 fusion-gallery-image-size-fixed\"  \/><\/a><\/div><\/div><div style=\"padding:5px;\" class=\"fusion-grid-column fusion-gallery-column fusion-gallery-column-2 hover-type-none\"><div class=\"fusion-gallery-image\"><a href=\"https:\/\/jornadasnelcf.com\/xiv\/wp-content\/uploads\/sites\/3\/2024\/09\/seminario-incio.jpeg\" rel=\"noreferrer\" data-rel=\"iLightbox[gallery_image_1]\" class=\"fusion-lightbox\" target=\"_self\"><img decoding=\"async\" src=\"https:\/\/jornadasnelcf.com\/xiv\/wp-content\/uploads\/sites\/3\/2024\/09\/seminario-incio-460x295.jpeg\" width=\"460\" height=\"295\" alt=\"\" title=\"seminario incio\" aria-label=\"seminario incio\" class=\"img-responsive wp-image-3160 fusion-gallery-image-size-fixed\"  \/><\/a><\/div><\/div><div class=\"clearfix\"><\/div><\/div><\/div><\/div><\/div><\/div><\/div><\/p>\n","protected":false},"excerpt":{"rendered":"","protected":false},"author":1,"featured_media":3156,"menu_order":0,"comment_status":"open","ping_status":"closed","template":"","format":"standard","meta":{"footnotes":""},"portfolio_category":[46],"portfolio_skills":[],"portfolio_tags":[],"class_list":["post-3155","avada_portfolio","type-avada_portfolio","status-publish","format-standard","has-post-thumbnail","hentry","portfolio_category-hacia-las-jornadas-universidades"],"_links":{"self":[{"href":"https:\/\/jornadasnelcf.com\/xiv\/wp-json\/wp\/v2\/avada_portfolio\/3155","targetHints":{"allow":["GET"]}}],"collection":[{"href":"https:\/\/jornadasnelcf.com\/xiv\/wp-json\/wp\/v2\/avada_portfolio"}],"about":[{"href":"https:\/\/jornadasnelcf.com\/xiv\/wp-json\/wp\/v2\/types\/avada_portfolio"}],"author":[{"embeddable":true,"href":"https:\/\/jornadasnelcf.com\/xiv\/wp-json\/wp\/v2\/users\/1"}],"replies":[{"embeddable":true,"href":"https:\/\/jornadasnelcf.com\/xiv\/wp-json\/wp\/v2\/comments?post=3155"}],"version-history":[{"count":2,"href":"https:\/\/jornadasnelcf.com\/xiv\/wp-json\/wp\/v2\/avada_portfolio\/3155\/revisions"}],"predecessor-version":[{"id":3162,"href":"https:\/\/jornadasnelcf.com\/xiv\/wp-json\/wp\/v2\/avada_portfolio\/3155\/revisions\/3162"}],"wp:featuredmedia":[{"embeddable":true,"href":"https:\/\/jornadasnelcf.com\/xiv\/wp-json\/wp\/v2\/media\/3156"}],"wp:attachment":[{"href":"https:\/\/jornadasnelcf.com\/xiv\/wp-json\/wp\/v2\/media?parent=3155"}],"wp:term":[{"taxonomy":"portfolio_category","embeddable":true,"href":"https:\/\/jornadasnelcf.com\/xiv\/wp-json\/wp\/v2\/portfolio_category?post=3155"},{"taxonomy":"portfolio_skills","embeddable":true,"href":"https:\/\/jornadasnelcf.com\/xiv\/wp-json\/wp\/v2\/portfolio_skills?post=3155"},{"taxonomy":"portfolio_tags","embeddable":true,"href":"https:\/\/jornadasnelcf.com\/xiv\/wp-json\/wp\/v2\/portfolio_tags?post=3155"}],"curies":[{"name":"wp","href":"https:\/\/api.w.org\/{rel}","templated":true}]}}

<p><div class="fusion-fullwidth fullwidth-box fusion-builder-row-1 fusion-flex-container has-pattern-background has-mask-background nonhundred-percent-fullwidth non-hundred-percent-height-scrolling" style="--awb-border-radius-top-left:0px;--awb-border-radius-top-right:0px;--awb-border-radius-bottom-right:0px;--awb-border-radius-bottom-left:0px;--awb-flex-wrap:wrap;" ><div class="fusion-builder-row fusion-row fusion-flex-align-items-flex-start fusion-flex-content-wrap" style="max-width:1331.2px;margin-left: calc(-4% / 2 );margin-right: calc(-4% / 2 );"><div class="fusion-layout-column fusion_builder_column fusion-builder-column-0 fusion_builder_column_1_1 1_1 fusion-flex-column" style="--awb-bg-size:cover;--awb-width-large:100%;--awb-margin-top-large:0px;--awb-spacing-right-large:1.92%;--awb-margin-bottom-large:20px;--awb-spacing-left-large:1.92%;--awb-width-medium:100%;--awb-order-medium:0;--awb-spacing-right-medium:1.92%;--awb-spacing-left-medium:1.92%;--awb-width-small:100%;--awb-order-small:0;--awb-spacing-right-small:1.92%;--awb-spacing-left-small:1.92%;"><div class="fusion-column-wrapper fusion-column-has-shadow fusion-flex-justify-content-flex-start fusion-content-layout-column"><div class="fusion-title title fusion-title-1 fusion-sep-none fusion-title-text fusion-title-size-one" style="--awb-font-size:35px;"><h1 class="fusion-title-heading title-heading-left" style="margin:0;font-size:1em;">Embrollos del cuerpo en la psicosis</h1></div><div class="fusion-text fusion-text-1"><p>Universidad Abierta de America Latina</p>
</div></div></div></div></div><div class="fusion-fullwidth fullwidth-box fusion-builder-row-2 fusion-flex-container has-pattern-background has-mask-background nonhundred-percent-fullwidth non-hundred-percent-height-scrolling" style="--awb-border-radius-top-left:0px;--awb-border-radius-top-right:0px;--awb-border-radius-bottom-right:0px;--awb-border-radius-bottom-left:0px;--awb-flex-wrap:wrap;" ><div class="fusion-builder-row fusion-row fusion-flex-align-items-flex-start fusion-flex-content-wrap" style="max-width:1331.2px;margin-left: calc(-4% / 2 );margin-right: calc(-4% / 2 );"><div class="fusion-layout-column fusion_builder_column fusion-builder-column-1 fusion_builder_column_1_2 1_2 fusion-flex-column" style="--awb-bg-size:cover;--awb-width-large:50%;--awb-margin-top-large:0px;--awb-spacing-right-large:3.84%;--awb-margin-bottom-large:20px;--awb-spacing-left-large:3.84%;--awb-width-medium:50%;--awb-order-medium:0;--awb-spacing-right-medium:3.84%;--awb-spacing-left-medium:3.84%;--awb-width-small:100%;--awb-order-small:0;--awb-spacing-right-small:1.92%;--awb-spacing-left-small:1.92%;"><div class="fusion-column-wrapper fusion-column-has-shadow fusion-flex-justify-content-flex-start fusion-content-layout-column"><div class="fusion-image-element " style="--awb-caption-title-font-family:var(--h2_typography-font-family);--awb-caption-title-font-weight:var(--h2_typography-font-weight);--awb-caption-title-font-style:var(--h2_typography-font-style);--awb-caption-title-size:var(--h2_typography-font-size);--awb-caption-title-transform:var(--h2_typography-text-transform);--awb-caption-title-line-height:var(--h2_typography-line-height);--awb-caption-title-letter-spacing:var(--h2_typography-letter-spacing);"><span class=" fusion-imageframe imageframe-none imageframe-1 hover-type-none"><img decoding="async" width="518" height="524" title="Afiche UPAL" src="https://jornadasnelcf.com/xiv/wp-content/uploads/sites/3/2024/09/Afiche-UPAL.jpeg" data-orig-src="https://jornadasnelcf.com/xiv/wp-content/uploads/sites/3/2024/09/Afiche-UPAL.jpeg" alt class="lazyload img-responsive wp-image-3156" srcset="data:image/svg+xml,%3Csvg%20xmlns%3D%27http%3A%2F%2Fwww.w3.org%2F2000%2Fsvg%27%20width%3D%27518%27%20height%3D%27524%27%20viewBox%3D%270%200%20518%20524%27%3E%3Crect%20width%3D%27518%27%20height%3D%27524%27%20fill-opacity%3D%220%22%2F%3E%3C%2Fsvg%3E" data-srcset="https://jornadasnelcf.com/xiv/wp-content/uploads/sites/3/2024/09/Afiche-UPAL-200x202.jpeg 200w, https://jornadasnelcf.com/xiv/wp-content/uploads/sites/3/2024/09/Afiche-UPAL-400x405.jpeg 400w, https://jornadasnelcf.com/xiv/wp-content/uploads/sites/3/2024/09/Afiche-UPAL.jpeg 518w" data-sizes="auto" data-orig-sizes="(max-width: 820px) 100vw, 518px" /></span></div></div></div><div class="fusion-layout-column fusion_builder_column fusion-builder-column-2 fusion_builder_column_1_2 1_2 fusion-flex-column" style="--awb-bg-size:cover;--awb-width-large:50%;--awb-margin-top-large:0px;--awb-spacing-right-large:3.84%;--awb-margin-bottom-large:20px;--awb-spacing-left-large:3.84%;--awb-width-medium:50%;--awb-order-medium:0;--awb-spacing-right-medium:3.84%;--awb-spacing-left-medium:3.84%;--awb-width-small:100%;--awb-order-small:0;--awb-spacing-right-small:1.92%;--awb-spacing-left-small:1.92%;"><div class="fusion-column-wrapper fusion-column-has-shadow fusion-flex-justify-content-flex-start fusion-content-layout-column"><div class="fusion-text fusion-text-2"><p style="text-align: justify;">El 23 de agosto del presten año iniciamos el segundo ciclo del Seminario del Departamento de Psicoanálisis de la UPAL con el tema: Embrollos del cuerpo en la psicosis. El cual esta orientado por las XIV Jornadas de la Nueva Escuela Lacaniana -Nelcf que se realizarán este año.</p>
<p style="text-align: justify;">El seminario trabajará en cuatro encuentros los siguientes temas: ¿Qué es el cuerpo?, Fenómenos de cuerpo, Arreglos &#8211; Desarreglos y Psicosis, cuerpo e institución. Los tres últimos encuentros están a cargo de los miembros del Departamento: Thamer Prieto, Cristian La Torre, Mariela Camacho, Yesenia Argandoña, Daniela Pinto, Carlos Larraín, Nayra Barrientos y Claudia Peñaloza.</p>
<p style="text-align: justify;"> El primer encuentro estuvo a cargo de nuestra Invitada Mónica Pelliza Miembro de la Nelcf-AMP, AME. Presentó: ¿Qué es el cuerpo en la psicosis? Realizó un recorrido teórico sobre el concepto de cuerpo y cómo pensar el cuerpo en la psicosis. Recorrido que tuvo como referencia textos lacanianos de la primer y ultima enseñanza, como también de E. Laurent y J.A. Miller. Para luego ejemplificar con un análisis preciso sobre la novela de Marguerite Duras, El arrebato de Lol V. Stein. Resaltándose, la importancia de cómo un sujeto tiene un cuerpo, la función de la mirada y de los otros: encarnados en distintos personajes de la novela que le posibilitan a Lol, el personaje principal, el armado de una escena y de un cuerpo.</p>
<p style="text-align: justify;">Agradecemos a Mónica Pelliza por la trasmisión clara y vivaz.</p>
</div><div class="fusion-separator fusion-full-width-sep" style="align-self: center;margin-left: auto;margin-right: auto;margin-top:10px;margin-bottom:10px;width:100%;"></div><div class="awb-gallery-wrapper awb-gallery-wrapper-1 button-span-no" style="--more-btn-alignment:center;"><div style="margin:-5px;--awb-bordersize:0px;" class="fusion-gallery fusion-gallery-container fusion-grid-2 fusion-columns-total-4 fusion-gallery-layout-grid fusion-gallery-1"><div style="padding:5px;" class="fusion-grid-column fusion-gallery-column fusion-gallery-column-2 hover-type-none"><div class="fusion-gallery-image"><a href="https://jornadasnelcf.com/xiv/wp-content/uploads/sites/3/2024/09/Seminario-30-de-agosto-2-encuentro.jpeg" rel="noreferrer" data-rel="iLightbox[gallery_image_1]" class="fusion-lightbox" target="_self"><img decoding="async" src="https://jornadasnelcf.com/xiv/wp-content/uploads/sites/3/2024/09/Seminario-30-de-agosto-2-encuentro-460x295.jpeg" width="460" height="295" alt="" title="Seminario 30 de agosto 2 encuentro" aria-label="Seminario 30 de agosto 2 encuentro" class="img-responsive wp-image-3157 fusion-gallery-image-size-fixed"  /></a></div></div><div style="padding:5px;" class="fusion-grid-column fusion-gallery-column fusion-gallery-column-2 hover-type-none"><div class="fusion-gallery-image"><a href="https://jornadasnelcf.com/xiv/wp-content/uploads/sites/3/2024/09/seminario-embrollos-2.jpeg" rel="noreferrer" data-rel="iLightbox[gallery_image_1]" class="fusion-lightbox" target="_self"><img decoding="async" src="https://jornadasnelcf.com/xiv/wp-content/uploads/sites/3/2024/09/seminario-embrollos-2-460x295.jpeg" width="460" height="295" alt="" title="seminario embrollos 2" aria-label="seminario embrollos 2" class="img-responsive wp-image-3158 fusion-gallery-image-size-fixed"  /></a></div></div><div class="clearfix"></div><div style="padding:5px;" class="fusion-grid-column fusion-gallery-column fusion-gallery-column-2 hover-type-none"><div class="fusion-gallery-image"><a href="https://jornadasnelcf.com/xiv/wp-content/uploads/sites/3/2024/09/seminario-embrollos-3.jpeg" rel="noreferrer" data-rel="iLightbox[gallery_image_1]" class="fusion-lightbox" target="_self"><img decoding="async" src="https://jornadasnelcf.com/xiv/wp-content/uploads/sites/3/2024/09/seminario-embrollos-3-460x295.jpeg" width="460" height="295" alt="" title="seminario embrollos 3" aria-label="seminario embrollos 3" class="img-responsive wp-image-3159 fusion-gallery-image-size-fixed"  /></a></div></div><div style="padding:5px;" class="fusion-grid-column fusion-gallery-column fusion-gallery-column-2 hover-type-none"><div class="fusion-gallery-image"><a href="https://jornadasnelcf.com/xiv/wp-content/uploads/sites/3/2024/09/seminario-incio.jpeg" rel="noreferrer" data-rel="iLightbox[gallery_image_1]" class="fusion-lightbox" target="_self"><img decoding="async" src="https://jornadasnelcf.com/xiv/wp-content/uploads/sites/3/2024/09/seminario-incio-460x295.jpeg" width="460" height="295" alt="" title="seminario incio" aria-label="seminario incio" class="img-responsive wp-image-3160 fusion-gallery-image-size-fixed"  /></a></div></div><div class="clearfix"></div></div></div></div></div></div></div></p>
