{"id":3141,"date":"2024-09-04T15:27:35","date_gmt":"2024-09-04T18:27:35","guid":{"rendered":"https:\/\/jornadasnelcf.com\/xiv\/?post_type=avada_portfolio&#038;p=3141"},"modified":"2024-09-04T15:27:35","modified_gmt":"2024-09-04T18:27:35","slug":"lecturas-del-argumento-4-los-genes-no-son-los-genes","status":"publish","type":"avada_portfolio","link":"https:\/\/jornadasnelcf.com\/xiv\/our-projects\/lecturas-del-argumento-4-los-genes-no-son-los-genes\/","title":{"rendered":"Lecturas del Argumento #4 &#8211; Los genes no son los genes"},"content":{"rendered":"<div class=\"fusion-fullwidth fullwidth-box fusion-builder-row-1 fusion-flex-container has-pattern-background has-mask-background nonhundred-percent-fullwidth non-hundred-percent-height-scrolling\" style=\"--awb-border-radius-top-left:0px;--awb-border-radius-top-right:0px;--awb-border-radius-bottom-right:0px;--awb-border-radius-bottom-left:0px;--awb-flex-wrap:wrap;\" ><div class=\"fusion-builder-row fusion-row fusion-flex-align-items-flex-start fusion-flex-content-wrap\" style=\"max-width:1331.2px;margin-left: calc(-4% \/ 2 );margin-right: calc(-4% \/ 2 );\"><div class=\"fusion-layout-column fusion_builder_column fusion-builder-column-0 fusion_builder_column_1_1 1_1 fusion-flex-column\" style=\"--awb-bg-size:cover;--awb-width-large:100%;--awb-margin-top-large:0px;--awb-spacing-right-large:1.92%;--awb-margin-bottom-large:20px;--awb-spacing-left-large:1.92%;--awb-width-medium:100%;--awb-order-medium:0;--awb-spacing-right-medium:1.92%;--awb-spacing-left-medium:1.92%;--awb-width-small:100%;--awb-order-small:0;--awb-spacing-right-small:1.92%;--awb-spacing-left-small:1.92%;\"><div class=\"fusion-column-wrapper fusion-column-has-shadow fusion-flex-justify-content-flex-start fusion-content-layout-column\"><div class=\"fusion-text fusion-text-1\"><p style=\"text-align: right;\">Premonici\u00f3n. Mar\u00eda Izquierdo. San Juan de los Lagos,\u00a0Jalisco<\/p>\n<\/div><div class=\"fusion-separator fusion-full-width-sep\" style=\"align-self: center;margin-left: auto;margin-right: auto;margin-top:20px;margin-bottom:20px;width:100%;\"><\/div><div style=\"text-align:right;\"><a class=\"fusion-button button-flat fusion-button-default-size button-default fusion-button-default button-1 fusion-button-default-span fusion-button-default-type\" target=\"_self\" href=\"https:\/\/jornadasnelcf.com\/xiv\/wp-content\/uploads\/sites\/3\/2024\/09\/VERGER-Lectura-del-Argumento-04.pdf\"><i class=\"fa-file-pdf fas awb-button__icon awb-button__icon--default button-icon-left\" aria-hidden=\"true\"><\/i><span class=\"fusion-button-text awb-button__text awb-button__text--default\">PDF<\/span><\/a><\/div><div class=\"fusion-separator fusion-full-width-sep\" style=\"align-self: center;margin-left: auto;margin-right: auto;margin-top:20px;margin-bottom:20px;width:100%;\"><\/div><div class=\"fusion-title title fusion-title-1 fusion-sep-none fusion-title-text fusion-title-size-one\"><h1 class=\"fusion-title-heading title-heading-left\" style=\"margin:0;\">Los genes no son los genes<\/h1><\/div><div class=\"fusion-separator fusion-full-width-sep\" style=\"align-self: center;margin-left: auto;margin-right: auto;margin-top:20px;margin-bottom:20px;width:100%;\"><\/div><div class=\"fusion-text fusion-text-2\"><p style=\"text-align: right;\"><strong>Viviana Berger<\/strong>*<\/p>\n<p style=\"text-align: justify;\"><em>\u00a0<\/em><\/p>\n<p style=\"text-align: justify;\">Debemos decir que, para el psicoan\u00e1lisis, el cuerpo no existe a t\u00edtulo de organismo, para el ser humano no hay tal \u201cdon de la naturaleza\u201d. La gran novedad de la revelaci\u00f3n freudiana demostr\u00f3 que el cuerpo reacciona a las palabras pronunciadas por el Otro -incluso, siendo aquellas anteriores a su nacimiento. <em>Lalengua<\/em> materna, tejida de los significantes que constituyen la materia sonora que envuelve al ni\u00f1o y resuena en su cuerpo, produce un efecto de desnaturalizaci\u00f3n sobre el viviente que liga desde el origen cuerpo y palabra, introduciendo una hiancia fundamental que afecta el programa de goce de la gen\u00e9tica y separa definitivamente al ser de la anatom\u00eda.<\/p>\n<p style=\"text-align: justify;\">Resulta as\u00ed que el organismo del viviente se pierde y el cuerpo se constituye como un producto transformado por el discurso, contrariamente al cuerpo del animal que s\u00ed responde a la programaci\u00f3n gen\u00e9tica tal como es. En este sentido, podemos decir que el animal <em>es<\/em> su cuerpo, en el punto en que cuenta con un anudamiento natural de los registros imaginario y real, hay una absoluta adecuaci\u00f3n. En cambio, el ser hablante, para alcanzar un cuerpo, para anudar los registros imaginario y real, requerir\u00e1 de una compleja operaci\u00f3n que, no obstante, tampoco alcanzar\u00e1 jam\u00e1s una equivalencia de identidad entre el ser y su existencia. Quiz\u00e1s un an\u00e1lisis podr\u00eda despejar la escritura de goce de ese cuerpo, sintom\u00e1tico y pulsional, y posibilitar al sujeto reencontrarse con su cuerpo a partir de un sinthome.<\/p>\n<p style=\"text-align: justify;\">Entonces, privado de la inmunidad que provee la gen\u00e9tica, el cuerpo del <em>parl\u00eatre<\/em> puede devenir sede de sensaciones extra\u00f1as, perturbadoras, incluso, locas, cuando el goce ilimitado toma el comando. En este aspecto, las psicosis ofrecen un amplio campo de investigaci\u00f3n en la medida en que, dif\u00edcilmente, encontremos alg\u00fan caso de psicosis donde no se ponga en cuesti\u00f3n alg\u00fan fen\u00f3meno de goce que interpele la consistencia del cuerpo o, incluso, que precipite fen\u00f3menos de ajenidad o p\u00e9rdida del cuerpo.<\/p>\n<p style=\"text-align: justify;\">En la primera ense\u00f1anza de Lacan, a partir de sus elaboraciones en relaci\u00f3n al Estad\u00edo del espejo, el cuerpo entra en juego como <em>imagen<\/em> del cuerpo -imagen a construir, en la medida en que, como planteamos, nada est\u00e1 dado de antemano. Este momento es fundamental en la estructuraci\u00f3n de cada sujeto, en tanto ser\u00e1 el origen de todo lo que toca al cuerpo en su erecci\u00f3n como ser vivo, de la operaci\u00f3n de unificaci\u00f3n del cuerpo hasta entonces fragmentado por las percepciones experimentadas. Es el cuerpo que el <em>yo<\/em> ve en el espejo, que reconoce a trav\u00e9s de la imagen del otro, del cuerpo de los otros semejantes, que alcanza eventualmente una <em>\u201cunidad\u201d<\/em> a trav\u00e9s de la mirada del Otro (momento de j\u00fabilo), siendo el objeto <em>a<\/em>, el resto no especularizable que sostiene dicha imagen. Este primer cuerpo lacaniano es entonces el cuerpo del narcisismo, un cuerpo implicado en la formaci\u00f3n del yo, que a partir de las operaciones de reconocimiento y nominaci\u00f3n, funda la entrada en lo simb\u00f3lico para todo sujeto.<\/p>\n<p style=\"text-align: justify;\">Algunos sujetos fracasan a la hora de alcanzar una imagen unificada, cuya consecuencia en la estructuraci\u00f3n del psiquismo, resulta en un desorden en la juntura m\u00e1s \u00edntima del sentimiento de la vida en el sujeto. El interior y el exterior se confunden, los \u00f3rganos quedan poco delimitados, el sujeto se ve privado del sentimiento de la existencia, no logra habitar su cuerpo. Es la esquizofrenia quien, por excelencia, nos ense\u00f1a c\u00f3mo el cuerpo y el yo en tanto instancias ps\u00edquicas resultan afectadas en su constituci\u00f3n. Por lo tanto, si no hay el <em>yo<\/em> unificado en la esquizofrenia, tampoco habr\u00e1 el cuerpo propio, sino apenas un conjunto de \u00f3rganos dispersos, desprovistos de semblantes, sin frontera con el Otro; un imaginario suelto, desconectado de lo simb\u00f3lico, y un sujeto que hace uso de la iron\u00eda como defensa, atacado por la intrusi\u00f3n y dispersi\u00f3n de <em>lalengua<\/em>.<\/p>\n<p style=\"text-align: justify;\">En la paranoia, en general, no llega a abrirse, tan radicalmente, el agujero en lo imaginario -el goce retorna en el Otro. En la melancol\u00eda, hallaremos la hemorragia libidinal y el dolor de existir, en una identificaci\u00f3n con el objeto desecho que aplasta la envoltura imaginaria del amor propio. En la metonimia man\u00edaca, la omnipotencia como rechazo radical de la falta en el Otro y la imagen desconectada de la dimensi\u00f3n real del cuerpo, en una aceleraci\u00f3n <em>in crescendo<\/em> debido a la falta del lastre del objeto, que extiende el agujero a trav\u00e9s del cual se drena el sujeto.<\/p>\n<p style=\"text-align: justify;\">Ahora bien, \u00bfCon qu\u00e9 recursos el sujeto se defender\u00e1 de <em>eso<\/em> que retorna y amenaza a su cuerpo con estallar? El analista deber\u00e1 maniobrar con decisi\u00f3n cuando el sujeto queda entregado a ese goce absoluto, interceptando la tendencia a entregarse a la voluptuosidad de un infinito y, asimismo, sabr\u00e1 leer los singulares recursos de cada sujeto para resistir a estos ataques del Otro y mantener el cuerpo en su \u201cunidad\u201d. \u00bfQu\u00e9 promueve en cada caso una reparaci\u00f3n de ese nudo entre sujeto, cuerpo y s\u00edntoma? \u00bfCu\u00e1l es la abrazadera<a href=\"#_ftn1\" name=\"_ftnref1\">[1]<\/a> conveniente para cada qui\u00e9n? No s\u00f3lo con la invenci\u00f3n de un saber delirante, quiz\u00e1s, a trav\u00e9s del arte, o con el apoyo de una pareja imaginaria al modo de una muleta. Otros se valdr\u00e1n de la actividad sexual o la entrega a alguna disciplina deportiva en el esfuerzo para trazar el borde del goce invasivo y sostener la consistencia de un cuerpo que se experimenta como ajeno.<\/p>\n<p style=\"text-align: justify;\">\u00bfC\u00f3mo guiar sus acciones y capitonar la significaci\u00f3n?<\/p>\n<p style=\"text-align: justify;\">La cl\u00ednica dar\u00e1 cuenta de esa diversidad.<\/p>\n<hr \/>\n<p style=\"text-align: justify;\">*Psicoanalista en CDMX, M\u00e9xico. Analista Miembro de la Escuela, AME, de la Nueva Escuela Lacaniana, NELcf, y de la Asociaci\u00f3n Mundial de Psicoan\u00e1lisis, AMP.<\/p>\n<p style=\"text-align: justify;\"><a href=\"#_ftnref1\" name=\"_ftn1\">[1]<\/a> Miller, J.-A., Efecto retorno sobre la psicosis ordinaria \u201cEl desorden m\u00e1s \u00edntimo es esta brecha en la que el cuerpo se deshace y donde el sujeto es inducido a inventarse v\u00ednculos artificiales para apropiarse de nuevo de su cuerpo, para \u201cestrechar\u201d su cuerpo contra \u00e9l mismo. Para decirlo en t\u00e9rminos de mec\u00e1nica, necesita una abrazadera para aguantar con su cuerpo\u201d.<\/p>\n<\/div><\/div><\/div><\/div><\/div>\n","protected":false},"excerpt":{"rendered":"","protected":false},"author":1,"featured_media":3142,"menu_order":0,"comment_status":"open","ping_status":"closed","template":"","format":"standard","meta":{"footnotes":""},"portfolio_category":[44],"portfolio_skills":[],"portfolio_tags":[],"class_list":["post-3141","avada_portfolio","type-avada_portfolio","status-publish","format-standard","has-post-thumbnail","hentry","portfolio_category-lecturas-del-argumento"],"_links":{"self":[{"href":"https:\/\/jornadasnelcf.com\/xiv\/wp-json\/wp\/v2\/avada_portfolio\/3141","targetHints":{"allow":["GET"]}}],"collection":[{"href":"https:\/\/jornadasnelcf.com\/xiv\/wp-json\/wp\/v2\/avada_portfolio"}],"about":[{"href":"https:\/\/jornadasnelcf.com\/xiv\/wp-json\/wp\/v2\/types\/avada_portfolio"}],"author":[{"embeddable":true,"href":"https:\/\/jornadasnelcf.com\/xiv\/wp-json\/wp\/v2\/users\/1"}],"replies":[{"embeddable":true,"href":"https:\/\/jornadasnelcf.com\/xiv\/wp-json\/wp\/v2\/comments?post=3141"}],"version-history":[{"count":3,"href":"https:\/\/jornadasnelcf.com\/xiv\/wp-json\/wp\/v2\/avada_portfolio\/3141\/revisions"}],"predecessor-version":[{"id":3146,"href":"https:\/\/jornadasnelcf.com\/xiv\/wp-json\/wp\/v2\/avada_portfolio\/3141\/revisions\/3146"}],"wp:featuredmedia":[{"embeddable":true,"href":"https:\/\/jornadasnelcf.com\/xiv\/wp-json\/wp\/v2\/media\/3142"}],"wp:attachment":[{"href":"https:\/\/jornadasnelcf.com\/xiv\/wp-json\/wp\/v2\/media?parent=3141"}],"wp:term":[{"taxonomy":"portfolio_category","embeddable":true,"href":"https:\/\/jornadasnelcf.com\/xiv\/wp-json\/wp\/v2\/portfolio_category?post=3141"},{"taxonomy":"portfolio_skills","embeddable":true,"href":"https:\/\/jornadasnelcf.com\/xiv\/wp-json\/wp\/v2\/portfolio_skills?post=3141"},{"taxonomy":"portfolio_tags","embeddable":true,"href":"https:\/\/jornadasnelcf.com\/xiv\/wp-json\/wp\/v2\/portfolio_tags?post=3141"}],"curies":[{"name":"wp","href":"https:\/\/api.w.org\/{rel}","templated":true}]}}

<div class="fusion-fullwidth fullwidth-box fusion-builder-row-1 fusion-flex-container has-pattern-background has-mask-background nonhundred-percent-fullwidth non-hundred-percent-height-scrolling" style="--awb-border-radius-top-left:0px;--awb-border-radius-top-right:0px;--awb-border-radius-bottom-right:0px;--awb-border-radius-bottom-left:0px;--awb-flex-wrap:wrap;" ><div class="fusion-builder-row fusion-row fusion-flex-align-items-flex-start fusion-flex-content-wrap" style="max-width:1331.2px;margin-left: calc(-4% / 2 );margin-right: calc(-4% / 2 );"><div class="fusion-layout-column fusion_builder_column fusion-builder-column-0 fusion_builder_column_1_1 1_1 fusion-flex-column" style="--awb-bg-size:cover;--awb-width-large:100%;--awb-margin-top-large:0px;--awb-spacing-right-large:1.92%;--awb-margin-bottom-large:20px;--awb-spacing-left-large:1.92%;--awb-width-medium:100%;--awb-order-medium:0;--awb-spacing-right-medium:1.92%;--awb-spacing-left-medium:1.92%;--awb-width-small:100%;--awb-order-small:0;--awb-spacing-right-small:1.92%;--awb-spacing-left-small:1.92%;"><div class="fusion-column-wrapper fusion-column-has-shadow fusion-flex-justify-content-flex-start fusion-content-layout-column"><div class="fusion-text fusion-text-1"><p style="text-align: right;">Premonición. María Izquierdo. San Juan de los Lagos, Jalisco</p>
</div><div class="fusion-separator fusion-full-width-sep" style="align-self: center;margin-left: auto;margin-right: auto;margin-top:20px;margin-bottom:20px;width:100%;"></div><div style="text-align:right;"><a class="fusion-button button-flat fusion-button-default-size button-default fusion-button-default button-1 fusion-button-default-span fusion-button-default-type" target="_self" href="https://jornadasnelcf.com/xiv/wp-content/uploads/sites/3/2024/09/VERGER-Lectura-del-Argumento-04.pdf"><i class="fa-file-pdf fas awb-button__icon awb-button__icon--default button-icon-left" aria-hidden="true"></i><span class="fusion-button-text awb-button__text awb-button__text--default">PDF</span></a></div><div class="fusion-separator fusion-full-width-sep" style="align-self: center;margin-left: auto;margin-right: auto;margin-top:20px;margin-bottom:20px;width:100%;"></div><div class="fusion-title title fusion-title-1 fusion-sep-none fusion-title-text fusion-title-size-one"><h1 class="fusion-title-heading title-heading-left" style="margin:0;">Los genes no son los genes</h1></div><div class="fusion-separator fusion-full-width-sep" style="align-self: center;margin-left: auto;margin-right: auto;margin-top:20px;margin-bottom:20px;width:100%;"></div><div class="fusion-text fusion-text-2"><p style="text-align: right;"><strong>Viviana Berger</strong>*</p>
<p style="text-align: justify;"><em> </em></p>
<p style="text-align: justify;">Debemos decir que, para el psicoanálisis, el cuerpo no existe a título de organismo, para el ser humano no hay tal “don de la naturaleza”. La gran novedad de la revelación freudiana demostró que el cuerpo reacciona a las palabras pronunciadas por el Otro -incluso, siendo aquellas anteriores a su nacimiento. <em>Lalengua</em> materna, tejida de los significantes que constituyen la materia sonora que envuelve al niño y resuena en su cuerpo, produce un efecto de desnaturalización sobre el viviente que liga desde el origen cuerpo y palabra, introduciendo una hiancia fundamental que afecta el programa de goce de la genética y separa definitivamente al ser de la anatomía.</p>
<p style="text-align: justify;">Resulta así que el organismo del viviente se pierde y el cuerpo se constituye como un producto transformado por el discurso, contrariamente al cuerpo del animal que sí responde a la programación genética tal como es. En este sentido, podemos decir que el animal <em>es</em> su cuerpo, en el punto en que cuenta con un anudamiento natural de los registros imaginario y real, hay una absoluta adecuación. En cambio, el ser hablante, para alcanzar un cuerpo, para anudar los registros imaginario y real, requerirá de una compleja operación que, no obstante, tampoco alcanzará jamás una equivalencia de identidad entre el ser y su existencia. Quizás un análisis podría despejar la escritura de goce de ese cuerpo, sintomático y pulsional, y posibilitar al sujeto reencontrarse con su cuerpo a partir de un sinthome.</p>
<p style="text-align: justify;">Entonces, privado de la inmunidad que provee la genética, el cuerpo del <em>parlêtre</em> puede devenir sede de sensaciones extrañas, perturbadoras, incluso, locas, cuando el goce ilimitado toma el comando. En este aspecto, las psicosis ofrecen un amplio campo de investigación en la medida en que, difícilmente, encontremos algún caso de psicosis donde no se ponga en cuestión algún fenómeno de goce que interpele la consistencia del cuerpo o, incluso, que precipite fenómenos de ajenidad o pérdida del cuerpo.</p>
<p style="text-align: justify;">En la primera enseñanza de Lacan, a partir de sus elaboraciones en relación al Estadío del espejo, el cuerpo entra en juego como <em>imagen</em> del cuerpo -imagen a construir, en la medida en que, como planteamos, nada está dado de antemano. Este momento es fundamental en la estructuración de cada sujeto, en tanto será el origen de todo lo que toca al cuerpo en su erección como ser vivo, de la operación de unificación del cuerpo hasta entonces fragmentado por las percepciones experimentadas. Es el cuerpo que el <em>yo</em> ve en el espejo, que reconoce a través de la imagen del otro, del cuerpo de los otros semejantes, que alcanza eventualmente una <em>“unidad”</em> a través de la mirada del Otro (momento de júbilo), siendo el objeto <em>a</em>, el resto no especularizable que sostiene dicha imagen. Este primer cuerpo lacaniano es entonces el cuerpo del narcisismo, un cuerpo implicado en la formación del yo, que a partir de las operaciones de reconocimiento y nominación, funda la entrada en lo simbólico para todo sujeto.</p>
<p style="text-align: justify;">Algunos sujetos fracasan a la hora de alcanzar una imagen unificada, cuya consecuencia en la estructuración del psiquismo, resulta en un desorden en la juntura más íntima del sentimiento de la vida en el sujeto. El interior y el exterior se confunden, los órganos quedan poco delimitados, el sujeto se ve privado del sentimiento de la existencia, no logra habitar su cuerpo. Es la esquizofrenia quien, por excelencia, nos enseña cómo el cuerpo y el yo en tanto instancias psíquicas resultan afectadas en su constitución. Por lo tanto, si no hay el <em>yo</em> unificado en la esquizofrenia, tampoco habrá el cuerpo propio, sino apenas un conjunto de órganos dispersos, desprovistos de semblantes, sin frontera con el Otro; un imaginario suelto, desconectado de lo simbólico, y un sujeto que hace uso de la ironía como defensa, atacado por la intrusión y dispersión de <em>lalengua</em>.</p>
<p style="text-align: justify;">En la paranoia, en general, no llega a abrirse, tan radicalmente, el agujero en lo imaginario -el goce retorna en el Otro. En la melancolía, hallaremos la hemorragia libidinal y el dolor de existir, en una identificación con el objeto desecho que aplasta la envoltura imaginaria del amor propio. En la metonimia maníaca, la omnipotencia como rechazo radical de la falta en el Otro y la imagen desconectada de la dimensión real del cuerpo, en una aceleración <em>in crescendo</em> debido a la falta del lastre del objeto, que extiende el agujero a través del cual se drena el sujeto.</p>
<p style="text-align: justify;">Ahora bien, ¿Con qué recursos el sujeto se defenderá de <em>eso</em> que retorna y amenaza a su cuerpo con estallar? El analista deberá maniobrar con decisión cuando el sujeto queda entregado a ese goce absoluto, interceptando la tendencia a entregarse a la voluptuosidad de un infinito y, asimismo, sabrá leer los singulares recursos de cada sujeto para resistir a estos ataques del Otro y mantener el cuerpo en su “unidad”. ¿Qué promueve en cada caso una reparación de ese nudo entre sujeto, cuerpo y síntoma? ¿Cuál es la abrazadera<a href="#_ftn1" name="_ftnref1">[1]</a> conveniente para cada quién? No sólo con la invención de un saber delirante, quizás, a través del arte, o con el apoyo de una pareja imaginaria al modo de una muleta. Otros se valdrán de la actividad sexual o la entrega a alguna disciplina deportiva en el esfuerzo para trazar el borde del goce invasivo y sostener la consistencia de un cuerpo que se experimenta como ajeno.</p>
<p style="text-align: justify;">¿Cómo guiar sus acciones y capitonar la significación?</p>
<p style="text-align: justify;">La clínica dará cuenta de esa diversidad.</p>
<hr />
<p style="text-align: justify;">*Psicoanalista en CDMX, México. Analista Miembro de la Escuela, AME, de la Nueva Escuela Lacaniana, NELcf, y de la Asociación Mundial de Psicoanálisis, AMP.</p>
<p style="text-align: justify;"><a href="#_ftnref1" name="_ftn1">[1]</a> Miller, J.-A., Efecto retorno sobre la psicosis ordinaria “El desorden más íntimo es esta brecha en la que el cuerpo se deshace y donde el sujeto es inducido a inventarse vínculos artificiales para apropiarse de nuevo de su cuerpo, para “estrechar” su cuerpo contra él mismo. Para decirlo en términos de mecánica, necesita una abrazadera para aguantar con su cuerpo”.</p>
</div></div></div></div></div>
