{"id":3033,"date":"2024-08-04T10:00:00","date_gmt":"2024-08-04T13:00:00","guid":{"rendered":"https:\/\/jornadasnelcf.com\/xiv\/?post_type=avada_portfolio&#038;p=3033"},"modified":"2024-08-03T20:11:18","modified_gmt":"2024-08-03T23:11:18","slug":"el-cuerpo-del-psicotico-en-la-clinica-pontifica-universidad-catolica-de-chile","status":"publish","type":"avada_portfolio","link":"https:\/\/jornadasnelcf.com\/xiv\/our-projects\/el-cuerpo-del-psicotico-en-la-clinica-pontifica-universidad-catolica-de-chile\/","title":{"rendered":"El cuerpo del psic\u00f3tico en la cl\u00ednica, Pont\u00edfica Universidad Cat\u00f3lica de Chile"},"content":{"rendered":"<p><div class=\"fusion-fullwidth fullwidth-box fusion-builder-row-1 fusion-flex-container has-pattern-background has-mask-background nonhundred-percent-fullwidth non-hundred-percent-height-scrolling\" style=\"--awb-border-radius-top-left:0px;--awb-border-radius-top-right:0px;--awb-border-radius-bottom-right:0px;--awb-border-radius-bottom-left:0px;--awb-flex-wrap:wrap;\" ><div class=\"fusion-builder-row fusion-row fusion-flex-align-items-flex-start fusion-flex-content-wrap\" style=\"max-width:1331.2px;margin-left: calc(-4% \/ 2 );margin-right: calc(-4% \/ 2 );\"><div class=\"fusion-layout-column fusion_builder_column fusion-builder-column-0 fusion_builder_column_1_1 1_1 fusion-flex-column\" style=\"--awb-bg-size:cover;--awb-width-large:100%;--awb-margin-top-large:0px;--awb-spacing-right-large:1.92%;--awb-margin-bottom-large:20px;--awb-spacing-left-large:1.92%;--awb-width-medium:100%;--awb-order-medium:0;--awb-spacing-right-medium:1.92%;--awb-spacing-left-medium:1.92%;--awb-width-small:100%;--awb-order-small:0;--awb-spacing-right-small:1.92%;--awb-spacing-left-small:1.92%;\"><div class=\"fusion-column-wrapper fusion-column-has-shadow fusion-flex-justify-content-flex-start fusion-content-layout-column\"><div class=\"fusion-title title fusion-title-1 fusion-sep-none fusion-title-text fusion-title-size-one\" style=\"--awb-font-size:35px;\"><h1 class=\"fusion-title-heading title-heading-left\" style=\"margin:0;font-size:1em;\">El cuerpo del psic\u00f3tico en la cl\u00ednica<\/h1><\/div><div class=\"fusion-text fusion-text-1\"><p>Pont\u00edfica Universidad Cat\u00f3lica de Chile<\/p>\n<\/div><\/div><\/div><\/div><\/div><div class=\"fusion-fullwidth fullwidth-box fusion-builder-row-2 fusion-flex-container has-pattern-background has-mask-background nonhundred-percent-fullwidth non-hundred-percent-height-scrolling\" style=\"--awb-border-radius-top-left:0px;--awb-border-radius-top-right:0px;--awb-border-radius-bottom-right:0px;--awb-border-radius-bottom-left:0px;--awb-flex-wrap:wrap;\" ><div class=\"fusion-builder-row fusion-row fusion-flex-align-items-flex-start fusion-flex-content-wrap\" style=\"max-width:1331.2px;margin-left: calc(-4% \/ 2 );margin-right: calc(-4% \/ 2 );\"><div class=\"fusion-layout-column fusion_builder_column fusion-builder-column-1 fusion_builder_column_1_2 1_2 fusion-flex-column\" style=\"--awb-bg-size:cover;--awb-width-large:50%;--awb-margin-top-large:0px;--awb-spacing-right-large:3.84%;--awb-margin-bottom-large:20px;--awb-spacing-left-large:3.84%;--awb-width-medium:50%;--awb-order-medium:0;--awb-spacing-right-medium:3.84%;--awb-spacing-left-medium:3.84%;--awb-width-small:100%;--awb-order-small:0;--awb-spacing-right-small:1.92%;--awb-spacing-left-small:1.92%;\"><div class=\"fusion-column-wrapper fusion-column-has-shadow fusion-flex-justify-content-flex-start fusion-content-layout-column\"><div class=\"fusion-image-element \" style=\"--awb-caption-title-font-family:var(--h2_typography-font-family);--awb-caption-title-font-weight:var(--h2_typography-font-weight);--awb-caption-title-font-style:var(--h2_typography-font-style);--awb-caption-title-size:var(--h2_typography-font-size);--awb-caption-title-transform:var(--h2_typography-text-transform);--awb-caption-title-line-height:var(--h2_typography-line-height);--awb-caption-title-letter-spacing:var(--h2_typography-letter-spacing);\"><span class=\" fusion-imageframe imageframe-none imageframe-1 hover-type-none\"><img decoding=\"async\" width=\"907\" height=\"1280\" title=\"AFICHE Pontificia Universidad Cat\u00f3lica de Chile\" src=\"https:\/\/jornadasnelcf.com\/xiv\/wp-content\/uploads\/sites\/3\/2024\/08\/AFICHE-Pontificia-Universidad-Catolica-de-Chile.jpeg\" data-orig-src=\"https:\/\/jornadasnelcf.com\/xiv\/wp-content\/uploads\/sites\/3\/2024\/08\/AFICHE-Pontificia-Universidad-Catolica-de-Chile.jpeg\" alt class=\"lazyload img-responsive wp-image-3034\" srcset=\"data:image\/svg+xml,%3Csvg%20xmlns%3D%27http%3A%2F%2Fwww.w3.org%2F2000%2Fsvg%27%20width%3D%27907%27%20height%3D%271280%27%20viewBox%3D%270%200%20907%201280%27%3E%3Crect%20width%3D%27907%27%20height%3D%271280%27%20fill-opacity%3D%220%22%2F%3E%3C%2Fsvg%3E\" data-srcset=\"https:\/\/jornadasnelcf.com\/xiv\/wp-content\/uploads\/sites\/3\/2024\/08\/AFICHE-Pontificia-Universidad-Catolica-de-Chile-200x282.jpeg 200w, https:\/\/jornadasnelcf.com\/xiv\/wp-content\/uploads\/sites\/3\/2024\/08\/AFICHE-Pontificia-Universidad-Catolica-de-Chile-400x564.jpeg 400w, https:\/\/jornadasnelcf.com\/xiv\/wp-content\/uploads\/sites\/3\/2024\/08\/AFICHE-Pontificia-Universidad-Catolica-de-Chile-600x847.jpeg 600w, https:\/\/jornadasnelcf.com\/xiv\/wp-content\/uploads\/sites\/3\/2024\/08\/AFICHE-Pontificia-Universidad-Catolica-de-Chile-800x1129.jpeg 800w, https:\/\/jornadasnelcf.com\/xiv\/wp-content\/uploads\/sites\/3\/2024\/08\/AFICHE-Pontificia-Universidad-Catolica-de-Chile.jpeg 907w\" data-sizes=\"auto\" data-orig-sizes=\"(max-width: 820px) 100vw, 800px\" \/><\/span><\/div><div class=\"fusion-separator fusion-full-width-sep\" style=\"align-self: center;margin-left: auto;margin-right: auto;margin-top:20px;margin-bottom:20px;width:100%;\"><\/div><div class=\"awb-gallery-wrapper awb-gallery-wrapper-1 button-span-no\" style=\"--more-btn-alignment:center;\"><div style=\"margin:-5px;--awb-bordersize:0px;\" class=\"fusion-gallery fusion-gallery-container fusion-grid-2 fusion-columns-total-3 fusion-gallery-layout-grid fusion-gallery-1\"><div style=\"padding:5px;\" class=\"fusion-grid-column fusion-gallery-column fusion-gallery-column-2 hover-type-none\"><div class=\"fusion-gallery-image\"><a href=\"https:\/\/jornadasnelcf.com\/xiv\/wp-content\/uploads\/sites\/3\/2024\/08\/FOTO3.jpeg\" rel=\"noreferrer\" data-rel=\"iLightbox[gallery_image_1]\" class=\"fusion-lightbox\" target=\"_self\"><img decoding=\"async\" src=\"https:\/\/jornadasnelcf.com\/xiv\/wp-content\/uploads\/sites\/3\/2024\/08\/FOTO3-460x295.jpeg\" width=\"460\" height=\"295\" alt=\"\" title=\"FOTO3\" aria-label=\"FOTO3\" class=\"img-responsive wp-image-3038 fusion-gallery-image-size-fixed\"  \/><\/a><\/div><\/div><div style=\"padding:5px;\" class=\"fusion-grid-column fusion-gallery-column fusion-gallery-column-2 hover-type-none\"><div class=\"fusion-gallery-image\"><a href=\"https:\/\/jornadasnelcf.com\/xiv\/wp-content\/uploads\/sites\/3\/2024\/08\/FOTO-1.jpeg\" rel=\"noreferrer\" data-rel=\"iLightbox[gallery_image_1]\" class=\"fusion-lightbox\" target=\"_self\"><img decoding=\"async\" src=\"https:\/\/jornadasnelcf.com\/xiv\/wp-content\/uploads\/sites\/3\/2024\/08\/FOTO-1-460x295.jpeg\" width=\"460\" height=\"295\" alt=\"\" title=\"FOTO 1\" aria-label=\"FOTO 1\" class=\"img-responsive wp-image-3039 fusion-gallery-image-size-fixed\"  \/><\/a><\/div><\/div><div class=\"clearfix\"><\/div><div style=\"padding:5px;\" class=\"fusion-grid-column fusion-gallery-column fusion-gallery-column-2 hover-type-none\"><div class=\"fusion-gallery-image\"><a href=\"https:\/\/jornadasnelcf.com\/xiv\/wp-content\/uploads\/sites\/3\/2024\/08\/FOTO-2.jpeg\" rel=\"noreferrer\" data-rel=\"iLightbox[gallery_image_1]\" class=\"fusion-lightbox\" target=\"_self\"><img decoding=\"async\" src=\"https:\/\/jornadasnelcf.com\/xiv\/wp-content\/uploads\/sites\/3\/2024\/08\/FOTO-2-460x295.jpeg\" width=\"460\" height=\"295\" alt=\"\" title=\"FOTO 2\" aria-label=\"FOTO 2\" class=\"img-responsive wp-image-3040 fusion-gallery-image-size-fixed\"  \/><\/a><\/div><\/div><\/div><\/div><\/div><\/div><div class=\"fusion-layout-column fusion_builder_column fusion-builder-column-2 fusion_builder_column_1_2 1_2 fusion-flex-column\" style=\"--awb-bg-size:cover;--awb-width-large:50%;--awb-margin-top-large:0px;--awb-spacing-right-large:3.84%;--awb-margin-bottom-large:20px;--awb-spacing-left-large:3.84%;--awb-width-medium:50%;--awb-order-medium:0;--awb-spacing-right-medium:3.84%;--awb-spacing-left-medium:3.84%;--awb-width-small:100%;--awb-order-small:0;--awb-spacing-right-small:1.92%;--awb-spacing-left-small:1.92%;\"><div class=\"fusion-column-wrapper fusion-column-has-shadow fusion-flex-justify-content-flex-start fusion-content-layout-column\"><div class=\"fusion-text fusion-text-2\"><p style=\"text-align: justify;\">La necesidad de pensar el cuerpo atraviesa constantemente la cl\u00ednica anal\u00edtica y se vuelve a reactualizar cada vez. La actividad propuesta estuvo inserta en el contexto del curso optativo de profundizaci\u00f3n \u201cAproximaci\u00f3n Psicoanal\u00edtica a la Psicopatolog\u00eda\u201d de la Escuela de Psicolog\u00eda de la Pontificia Universidad Cat\u00f3lica de Chile. En la instancia, llevada a cabo el 1 de julio de 2024, se abord\u00f3 espec\u00edficamente la problem\u00e1tica de pensar el cuerpo en la psicosis, con sus particularidades \u00fanicas. Para esto, la psicoanalista Ana Mar\u00eda Solis, miembro de la escuela NELcf y de la AMP ofreci\u00f3 la presentaci\u00f3n de un caso de su pr\u00e1ctica cl\u00ednica. Las preguntas, comentarios y observaciones del psicoanalista Alejandro Reinoso, AME, \u00a0miembro de la escuela NELcf, de la SPL y de la AMP, permitieron trabajar y profundizar la tem\u00e1tica propuesta a trav\u00e9s del caso.<\/p>\n<p style=\"text-align: justify;\">Vemos que el cuerpo se ha pensado en el comienzo del psicoan\u00e1lisis; la pulsi\u00f3n freudiana est\u00e1 inscrita en el cuerpo, es un \u201cdeslinde de lo an\u00edmico en lo corporal\u201d, una inscripci\u00f3n de lo ps\u00edquico en lo f\u00edsico que Lacan retoma, al decir que el significante toca el cuerpo. Con el caso presentado vimos que, en particular para el psic\u00f3tico, hay algo de lo imaginario del cuerpo que est\u00e1 desarmado, desarticulado de la uni\u00f3n borromeica. El cuerpo se mantiene en un constante intento de armarse en un sentido imaginario. Nos encontramos en un estadio del espejo en el cual, para el psic\u00f3tico, lo real de su cuerpo no ha sido fijado en un imaginario; no ha sido espejado. La consistencia que entrega el espejo no se hace presente, por lo que el cuerpo se vuelve un otro, se mantiene en el registro de lo real y aparece inabordable para el psic\u00f3tico, inentendible.<\/p>\n<p style=\"text-align: justify;\">Frente a esto, nos cuestionamos la posici\u00f3n que tendr\u00e1 un cl\u00ednico en el tratamiento con lo corporal de esta estructura. En la actividad se trabaj\u00f3 una posici\u00f3n de la analista como analista-no-todo-saber; analista que se sorprende, se barra en su posici\u00f3n anal\u00edtica y comienza a actuar como espejo, para permitir al sujeto armarse una imagen de s\u00ed mismo y de su cuerpo. \u00a0El lugar del cuerpo de la analista es haciendo de espejo del sujeto en cuerpo y voz, en el registro de lo imaginario, <em>imaginarizando<\/em> lo real.<\/p>\n<p style=\"text-align: justify;\">Estas son algunas pistas que nos entrega la actividad propuesta para pensar el cuerpo del psic\u00f3tico en la cl\u00ednica. Entender estas ideas nos ayuda a profundizar en la direcci\u00f3n de profundizar la pr\u00e1ctica anal\u00edtica en este sentido y se dirige particularmente a las jornadas de la NELcf para este a\u00f1o a llevarse a cabo en Bogot\u00e1, Colombia que abordar\u00e1n la misma tem\u00e1tica.<\/p>\n<p style=\"text-align: justify;\">\u00a0Rese\u00f1a escrita por <strong>Gaspar Jaramillo<\/strong><\/p>\n<\/div><\/div><\/div><\/div><\/div><\/p>\n","protected":false},"excerpt":{"rendered":"","protected":false},"author":1,"featured_media":3034,"menu_order":0,"comment_status":"open","ping_status":"closed","template":"","format":"standard","meta":{"footnotes":""},"portfolio_category":[46],"portfolio_skills":[],"portfolio_tags":[],"class_list":["post-3033","avada_portfolio","type-avada_portfolio","status-publish","format-standard","has-post-thumbnail","hentry","portfolio_category-hacia-las-jornadas-universidades"],"_links":{"self":[{"href":"https:\/\/jornadasnelcf.com\/xiv\/wp-json\/wp\/v2\/avada_portfolio\/3033","targetHints":{"allow":["GET"]}}],"collection":[{"href":"https:\/\/jornadasnelcf.com\/xiv\/wp-json\/wp\/v2\/avada_portfolio"}],"about":[{"href":"https:\/\/jornadasnelcf.com\/xiv\/wp-json\/wp\/v2\/types\/avada_portfolio"}],"author":[{"embeddable":true,"href":"https:\/\/jornadasnelcf.com\/xiv\/wp-json\/wp\/v2\/users\/1"}],"replies":[{"embeddable":true,"href":"https:\/\/jornadasnelcf.com\/xiv\/wp-json\/wp\/v2\/comments?post=3033"}],"version-history":[{"count":5,"href":"https:\/\/jornadasnelcf.com\/xiv\/wp-json\/wp\/v2\/avada_portfolio\/3033\/revisions"}],"predecessor-version":[{"id":3042,"href":"https:\/\/jornadasnelcf.com\/xiv\/wp-json\/wp\/v2\/avada_portfolio\/3033\/revisions\/3042"}],"wp:featuredmedia":[{"embeddable":true,"href":"https:\/\/jornadasnelcf.com\/xiv\/wp-json\/wp\/v2\/media\/3034"}],"wp:attachment":[{"href":"https:\/\/jornadasnelcf.com\/xiv\/wp-json\/wp\/v2\/media?parent=3033"}],"wp:term":[{"taxonomy":"portfolio_category","embeddable":true,"href":"https:\/\/jornadasnelcf.com\/xiv\/wp-json\/wp\/v2\/portfolio_category?post=3033"},{"taxonomy":"portfolio_skills","embeddable":true,"href":"https:\/\/jornadasnelcf.com\/xiv\/wp-json\/wp\/v2\/portfolio_skills?post=3033"},{"taxonomy":"portfolio_tags","embeddable":true,"href":"https:\/\/jornadasnelcf.com\/xiv\/wp-json\/wp\/v2\/portfolio_tags?post=3033"}],"curies":[{"name":"wp","href":"https:\/\/api.w.org\/{rel}","templated":true}]}}

El cuerpo del psicótico en la clínica, Pontífica Universidad Católica de Chile

<p><div class="fusion-fullwidth fullwidth-box fusion-builder-row-1 fusion-flex-container has-pattern-background has-mask-background nonhundred-percent-fullwidth non-hundred-percent-height-scrolling" style="--awb-border-radius-top-left:0px;--awb-border-radius-top-right:0px;--awb-border-radius-bottom-right:0px;--awb-border-radius-bottom-left:0px;--awb-flex-wrap:wrap;" ><div class="fusion-builder-row fusion-row fusion-flex-align-items-flex-start fusion-flex-content-wrap" style="max-width:1331.2px;margin-left: calc(-4% / 2 );margin-right: calc(-4% / 2 );"><div class="fusion-layout-column fusion_builder_column fusion-builder-column-0 fusion_builder_column_1_1 1_1 fusion-flex-column" style="--awb-bg-size:cover;--awb-width-large:100%;--awb-margin-top-large:0px;--awb-spacing-right-large:1.92%;--awb-margin-bottom-large:20px;--awb-spacing-left-large:1.92%;--awb-width-medium:100%;--awb-order-medium:0;--awb-spacing-right-medium:1.92%;--awb-spacing-left-medium:1.92%;--awb-width-small:100%;--awb-order-small:0;--awb-spacing-right-small:1.92%;--awb-spacing-left-small:1.92%;"><div class="fusion-column-wrapper fusion-column-has-shadow fusion-flex-justify-content-flex-start fusion-content-layout-column"><div class="fusion-title title fusion-title-1 fusion-sep-none fusion-title-text fusion-title-size-one" style="--awb-font-size:35px;"><h1 class="fusion-title-heading title-heading-left" style="margin:0;font-size:1em;">El cuerpo del psicótico en la clínica</h1></div><div class="fusion-text fusion-text-1"><p>Pontífica Universidad Católica de Chile</p>
</div></div></div></div></div><div class="fusion-fullwidth fullwidth-box fusion-builder-row-2 fusion-flex-container has-pattern-background has-mask-background nonhundred-percent-fullwidth non-hundred-percent-height-scrolling" style="--awb-border-radius-top-left:0px;--awb-border-radius-top-right:0px;--awb-border-radius-bottom-right:0px;--awb-border-radius-bottom-left:0px;--awb-flex-wrap:wrap;" ><div class="fusion-builder-row fusion-row fusion-flex-align-items-flex-start fusion-flex-content-wrap" style="max-width:1331.2px;margin-left: calc(-4% / 2 );margin-right: calc(-4% / 2 );"><div class="fusion-layout-column fusion_builder_column fusion-builder-column-1 fusion_builder_column_1_2 1_2 fusion-flex-column" style="--awb-bg-size:cover;--awb-width-large:50%;--awb-margin-top-large:0px;--awb-spacing-right-large:3.84%;--awb-margin-bottom-large:20px;--awb-spacing-left-large:3.84%;--awb-width-medium:50%;--awb-order-medium:0;--awb-spacing-right-medium:3.84%;--awb-spacing-left-medium:3.84%;--awb-width-small:100%;--awb-order-small:0;--awb-spacing-right-small:1.92%;--awb-spacing-left-small:1.92%;"><div class="fusion-column-wrapper fusion-column-has-shadow fusion-flex-justify-content-flex-start fusion-content-layout-column"><div class="fusion-image-element " style="--awb-caption-title-font-family:var(--h2_typography-font-family);--awb-caption-title-font-weight:var(--h2_typography-font-weight);--awb-caption-title-font-style:var(--h2_typography-font-style);--awb-caption-title-size:var(--h2_typography-font-size);--awb-caption-title-transform:var(--h2_typography-text-transform);--awb-caption-title-line-height:var(--h2_typography-line-height);--awb-caption-title-letter-spacing:var(--h2_typography-letter-spacing);"><span class=" fusion-imageframe imageframe-none imageframe-1 hover-type-none"><img decoding="async" width="907" height="1280" title="AFICHE Pontificia Universidad Católica de Chile" src="https://jornadasnelcf.com/xiv/wp-content/uploads/sites/3/2024/08/AFICHE-Pontificia-Universidad-Catolica-de-Chile.jpeg" data-orig-src="https://jornadasnelcf.com/xiv/wp-content/uploads/sites/3/2024/08/AFICHE-Pontificia-Universidad-Catolica-de-Chile.jpeg" alt class="lazyload img-responsive wp-image-3034" srcset="data:image/svg+xml,%3Csvg%20xmlns%3D%27http%3A%2F%2Fwww.w3.org%2F2000%2Fsvg%27%20width%3D%27907%27%20height%3D%271280%27%20viewBox%3D%270%200%20907%201280%27%3E%3Crect%20width%3D%27907%27%20height%3D%271280%27%20fill-opacity%3D%220%22%2F%3E%3C%2Fsvg%3E" data-srcset="https://jornadasnelcf.com/xiv/wp-content/uploads/sites/3/2024/08/AFICHE-Pontificia-Universidad-Catolica-de-Chile-200x282.jpeg 200w, https://jornadasnelcf.com/xiv/wp-content/uploads/sites/3/2024/08/AFICHE-Pontificia-Universidad-Catolica-de-Chile-400x564.jpeg 400w, https://jornadasnelcf.com/xiv/wp-content/uploads/sites/3/2024/08/AFICHE-Pontificia-Universidad-Catolica-de-Chile-600x847.jpeg 600w, https://jornadasnelcf.com/xiv/wp-content/uploads/sites/3/2024/08/AFICHE-Pontificia-Universidad-Catolica-de-Chile-800x1129.jpeg 800w, https://jornadasnelcf.com/xiv/wp-content/uploads/sites/3/2024/08/AFICHE-Pontificia-Universidad-Catolica-de-Chile.jpeg 907w" data-sizes="auto" data-orig-sizes="(max-width: 820px) 100vw, 800px" /></span></div><div class="fusion-separator fusion-full-width-sep" style="align-self: center;margin-left: auto;margin-right: auto;margin-top:20px;margin-bottom:20px;width:100%;"></div><div class="awb-gallery-wrapper awb-gallery-wrapper-1 button-span-no" style="--more-btn-alignment:center;"><div style="margin:-5px;--awb-bordersize:0px;" class="fusion-gallery fusion-gallery-container fusion-grid-2 fusion-columns-total-3 fusion-gallery-layout-grid fusion-gallery-1"><div style="padding:5px;" class="fusion-grid-column fusion-gallery-column fusion-gallery-column-2 hover-type-none"><div class="fusion-gallery-image"><a href="https://jornadasnelcf.com/xiv/wp-content/uploads/sites/3/2024/08/FOTO3.jpeg" rel="noreferrer" data-rel="iLightbox[gallery_image_1]" class="fusion-lightbox" target="_self"><img decoding="async" src="https://jornadasnelcf.com/xiv/wp-content/uploads/sites/3/2024/08/FOTO3-460x295.jpeg" width="460" height="295" alt="" title="FOTO3" aria-label="FOTO3" class="img-responsive wp-image-3038 fusion-gallery-image-size-fixed"  /></a></div></div><div style="padding:5px;" class="fusion-grid-column fusion-gallery-column fusion-gallery-column-2 hover-type-none"><div class="fusion-gallery-image"><a href="https://jornadasnelcf.com/xiv/wp-content/uploads/sites/3/2024/08/FOTO-1.jpeg" rel="noreferrer" data-rel="iLightbox[gallery_image_1]" class="fusion-lightbox" target="_self"><img decoding="async" src="https://jornadasnelcf.com/xiv/wp-content/uploads/sites/3/2024/08/FOTO-1-460x295.jpeg" width="460" height="295" alt="" title="FOTO 1" aria-label="FOTO 1" class="img-responsive wp-image-3039 fusion-gallery-image-size-fixed"  /></a></div></div><div class="clearfix"></div><div style="padding:5px;" class="fusion-grid-column fusion-gallery-column fusion-gallery-column-2 hover-type-none"><div class="fusion-gallery-image"><a href="https://jornadasnelcf.com/xiv/wp-content/uploads/sites/3/2024/08/FOTO-2.jpeg" rel="noreferrer" data-rel="iLightbox[gallery_image_1]" class="fusion-lightbox" target="_self"><img decoding="async" src="https://jornadasnelcf.com/xiv/wp-content/uploads/sites/3/2024/08/FOTO-2-460x295.jpeg" width="460" height="295" alt="" title="FOTO 2" aria-label="FOTO 2" class="img-responsive wp-image-3040 fusion-gallery-image-size-fixed"  /></a></div></div></div></div></div></div><div class="fusion-layout-column fusion_builder_column fusion-builder-column-2 fusion_builder_column_1_2 1_2 fusion-flex-column" style="--awb-bg-size:cover;--awb-width-large:50%;--awb-margin-top-large:0px;--awb-spacing-right-large:3.84%;--awb-margin-bottom-large:20px;--awb-spacing-left-large:3.84%;--awb-width-medium:50%;--awb-order-medium:0;--awb-spacing-right-medium:3.84%;--awb-spacing-left-medium:3.84%;--awb-width-small:100%;--awb-order-small:0;--awb-spacing-right-small:1.92%;--awb-spacing-left-small:1.92%;"><div class="fusion-column-wrapper fusion-column-has-shadow fusion-flex-justify-content-flex-start fusion-content-layout-column"><div class="fusion-text fusion-text-2"><p style="text-align: justify;">La necesidad de pensar el cuerpo atraviesa constantemente la clínica analítica y se vuelve a reactualizar cada vez. La actividad propuesta estuvo inserta en el contexto del curso optativo de profundización “Aproximación Psicoanalítica a la Psicopatología” de la Escuela de Psicología de la Pontificia Universidad Católica de Chile. En la instancia, llevada a cabo el 1 de julio de 2024, se abordó específicamente la problemática de pensar el cuerpo en la psicosis, con sus particularidades únicas. Para esto, la psicoanalista Ana María Solis, miembro de la escuela NELcf y de la AMP ofreció la presentación de un caso de su práctica clínica. Las preguntas, comentarios y observaciones del psicoanalista Alejandro Reinoso, AME,  miembro de la escuela NELcf, de la SPL y de la AMP, permitieron trabajar y profundizar la temática propuesta a través del caso.</p>
<p style="text-align: justify;">Vemos que el cuerpo se ha pensado en el comienzo del psicoanálisis; la pulsión freudiana está inscrita en el cuerpo, es un “deslinde de lo anímico en lo corporal”, una inscripción de lo psíquico en lo físico que Lacan retoma, al decir que el significante toca el cuerpo. Con el caso presentado vimos que, en particular para el psicótico, hay algo de lo imaginario del cuerpo que está desarmado, desarticulado de la unión borromeica. El cuerpo se mantiene en un constante intento de armarse en un sentido imaginario. Nos encontramos en un estadio del espejo en el cual, para el psicótico, lo real de su cuerpo no ha sido fijado en un imaginario; no ha sido espejado. La consistencia que entrega el espejo no se hace presente, por lo que el cuerpo se vuelve un otro, se mantiene en el registro de lo real y aparece inabordable para el psicótico, inentendible.</p>
<p style="text-align: justify;">Frente a esto, nos cuestionamos la posición que tendrá un clínico en el tratamiento con lo corporal de esta estructura. En la actividad se trabajó una posición de la analista como analista-no-todo-saber; analista que se sorprende, se barra en su posición analítica y comienza a actuar como espejo, para permitir al sujeto armarse una imagen de sí mismo y de su cuerpo.  El lugar del cuerpo de la analista es haciendo de espejo del sujeto en cuerpo y voz, en el registro de lo imaginario, <em>imaginarizando</em> lo real.</p>
<p style="text-align: justify;">Estas son algunas pistas que nos entrega la actividad propuesta para pensar el cuerpo del psicótico en la clínica. Entender estas ideas nos ayuda a profundizar en la dirección de profundizar la práctica analítica en este sentido y se dirige particularmente a las jornadas de la NELcf para este año a llevarse a cabo en Bogotá, Colombia que abordarán la misma temática.</p>
<p style="text-align: justify;"> Reseña escrita por <strong>Gaspar Jaramillo</strong></p>
</div></div></div></div></div></p>
